{"id":6516,"date":"2024-05-23T17:07:38","date_gmt":"2024-05-23T20:07:38","guid":{"rendered":"https:\/\/quimica.ufvjm.edu.br\/?page_id=6516"},"modified":"2024-05-23T17:13:34","modified_gmt":"2024-05-23T20:13:34","slug":"residencia-pedagogica-2","status":"publish","type":"page","link":"https:\/\/quimica.ufvjm.edu.br\/?page_id=6516","title":{"rendered":"Resid\u00eancia pedag\u00f3gica"},"content":{"rendered":"\n<figure class=\"text-center\"><img decoding=\"async\" src=\"https:\/\/quimica.ufvjm.edu.br\/wp-admin\/images\/icons\/resid%C3%AAncia%20capa.png?_t=1716494831\"><\/figure><br>\n\n\n\n<p><strong>O que \u00e9 o Programa de Resid\u00eancia Pedag\u00f3gica (RP)?<\/strong><\/p>\n\n\n\n<p class=\"has-text-align-justify\">O Programa de Resid\u00eancia Pedag\u00f3gica \u00e9 uma das a\u00e7\u00f5es que integram a Pol\u00edtica Nacional de Forma\u00e7\u00e3o de Professores e pretende induzir o aperfei\u00e7oamento da forma\u00e7\u00e3o pr\u00e1tica nos cursos de licenciatura, promovendo a imers\u00e3o do licenciando na escola de educa\u00e7\u00e3o b\u00e1sica, a partir da segunda metade de seu curso.<\/p>\n\n\n\n<p class=\"has-text-align-justify\">O Programa de Resid\u00eancia Pedag\u00f3gica \u00e9 realizado em regime de colabora\u00e7\u00e3o entre a Uni\u00e3o, por interm\u00e9dio da Capes, os estados, o Distrito Federal e os munic\u00edpios, por interm\u00e9dio das secretarias de educa\u00e7\u00e3o ou \u00f3rg\u00e3o equivalente, e as Institui\u00e7\u00f5es de Ensino Superior (IES).<\/p>\n\n\n\n<p><strong>Quem pode participar como residente da Qu\u00edmica?<\/strong><\/p>\n\n\n\n<p class=\"has-text-align-justify\">O estudante de licenciatura. Para participar como residente \u00e9 necess\u00e1rio, dentre outros requisitos espec\u00edficos:<\/p>\n\n\n\n<ul>\n<li>Estar regularmente matriculados&nbsp;no Curso de Qu\u00edmica Licenciatura;<\/li>\n\n\n\n<li>Ter cursado o m\u00ednimo de 50% do curso ou estar cursando a partir do 5\u00ba per\u00edodo;<\/li>\n\n\n\n<li>Ser aprovado em processo seletivo realizado pela UFVJM;<\/li>\n<\/ul>\n\n\n\n<p class=\"has-text-align-justify\">O estudante de licenciatura que possuir v\u00ednculo empregat\u00edcio ou estiver realizando est\u00e1gio remunerado, poder\u00e1 ser bolsista do programa de resid\u00eancia pedag\u00f3gica, desde que n\u00e3o possua rela\u00e7\u00e3o de trabalho com a UFVJM ou com a escola onde desenvolver\u00e1 as atividades do subprojeto.<\/p>\n","protected":false},"excerpt":{"rendered":"<p>O que \u00e9 o Programa de Resid\u00eancia Pedag\u00f3gica (RP)? O Programa de Resid\u00eancia Pedag\u00f3gica \u00e9 uma das a\u00e7\u00f5es que integram a Pol\u00edtica Nacional de Forma\u00e7\u00e3o de Professores e pretende induzir o aperfei\u00e7oamento da forma\u00e7\u00e3o pr\u00e1tica nos cursos de licenciatura, promovendo a imers\u00e3o do licenciando na escola de educa\u00e7\u00e3o b\u00e1sica, a partir da segunda metade de seu curso. O Programa de Resid\u00eancia Pedag\u00f3gica \u00e9 realizado em regime de colabora\u00e7\u00e3o entre a Uni\u00e3o, por interm\u00e9dio da Capes, os estados, o Distrito Federal e os munic\u00edpios, por interm\u00e9dio das secretarias de educa\u00e7\u00e3o ou \u00f3rg\u00e3o equivalente, e as Institui\u00e7\u00f5es de Ensino Superior (IES). Quem pode participar como residente da Qu\u00edmica? O estudante de licenciatura. Para participar como residente \u00e9 necess\u00e1rio, dentre outros requisitos espec\u00edficos: O estudante de licenciatura que possuir v\u00ednculo empregat\u00edcio ou estiver realizando est\u00e1gio remunerado, poder\u00e1 ser bolsista do programa de resid\u00eancia pedag\u00f3gica, desde que n\u00e3o possua rela\u00e7\u00e3o de trabalho com a UFVJM ou com a escola onde desenvolver\u00e1 as atividades do subprojeto.<\/p>\n","protected":false},"author":1,"featured_media":0,"parent":0,"menu_order":0,"comment_status":"closed","ping_status":"closed","template":"","meta":{"_editorskit_title_hidden":false,"_editorskit_reading_time":0,"_editorskit_is_block_options_detached":false,"_editorskit_block_options_position":"{}","_exactmetrics_skip_tracking":false,"_exactmetrics_sitenote_active":false,"_exactmetrics_sitenote_note":"","_exactmetrics_sitenote_category":0,"footnotes":""},"_links":{"self":[{"href":"https:\/\/quimica.ufvjm.edu.br\/index.php?rest_route=\/wp\/v2\/pages\/6516"}],"collection":[{"href":"https:\/\/quimica.ufvjm.edu.br\/index.php?rest_route=\/wp\/v2\/pages"}],"about":[{"href":"https:\/\/quimica.ufvjm.edu.br\/index.php?rest_route=\/wp\/v2\/types\/page"}],"author":[{"embeddable":true,"href":"https:\/\/quimica.ufvjm.edu.br\/index.php?rest_route=\/wp\/v2\/users\/1"}],"replies":[{"embeddable":true,"href":"https:\/\/quimica.ufvjm.edu.br\/index.php?rest_route=%2Fwp%2Fv2%2Fcomments&post=6516"}],"version-history":[{"count":1,"href":"https:\/\/quimica.ufvjm.edu.br\/index.php?rest_route=\/wp\/v2\/pages\/6516\/revisions"}],"predecessor-version":[{"id":6517,"href":"https:\/\/quimica.ufvjm.edu.br\/index.php?rest_route=\/wp\/v2\/pages\/6516\/revisions\/6517"}],"wp:attachment":[{"href":"https:\/\/quimica.ufvjm.edu.br\/index.php?rest_route=%2Fwp%2Fv2%2Fmedia&parent=6516"}],"curies":[{"name":"wp","href":"https:\/\/api.w.org\/{rel}","templated":true}]}}