{"id":6471,"date":"2024-05-23T16:06:28","date_gmt":"2024-05-23T19:06:28","guid":{"rendered":"https:\/\/quimica.ufvjm.edu.br\/?page_id=6471"},"modified":"2024-05-23T16:06:29","modified_gmt":"2024-05-23T19:06:29","slug":"trabalhos-apresentados","status":"publish","type":"page","link":"https:\/\/quimica.ufvjm.edu.br\/?page_id=6471","title":{"rendered":"Trabalhos apresentados"},"content":{"rendered":"\n<p>Acompanhe os trabalhos que os alunos e professores do Pibid apresentaram em eventos:<\/p>\n\n\n\n<p class=\"has-text-align-justify\">Evento:\u00a0VII Semana da Integra\u00e7\u00e3o do Ensino, Pesquisa e Extens\u00e3o da UFVJM \u2013 VII SINTEGRA, [Com]ci\u00eancia Feminina, realizada pela\u00a0Universidade Federal dos Vales do Jequitinhonha e Mucuri \u2013 UFVJM, no per\u00edodo de 5 a 8 de junho de 2019.\u00a0<\/p>\n\n\n\n<p><strong>Para acessar os anais<\/strong>\u00a0<a href=\"http:\/\/acervo.ufvjm.edu.br\/jspui\/handle\/1\/1979\" target=\"_blank\" aria-label=\" (opens in a new tab)\" rel=\"noreferrer noopener\" class=\"ek-link\">clique aqui<\/a> .<\/p>\n\n\n\n<p class=\"has-text-align-justify\">Brenda Carolina Lucena Oliveira, Cristina F Diniz, Yasmim Fernandes de Carvalho , Wilton Gon\u00e7alves Santos, Rayara Silva Reis, Experimentando a Qu\u00edmica: A Garrafa Azul,<strong>&nbsp;VII Semana da Integra\u00e7\u00e3o do Ensino, Pesquisa e Extens\u00e3o da UFVJM, 5 a 8 de junho de 2019 Diamantina\/MG.<\/strong><\/p>\n\n\n\n<p class=\"has-text-align-justify\">M\u00e1rcia Do Carmo Vieira Higino, Danilo Lopes Santos, Cristina F Diniz,&nbsp;Mary Gomes Barboza Santos, Tiago de Castro Batista<strong>, Fun\u00e7\u00f5es Inorg\u00e2nicas: Experimento Investigativo, VII Semana da Integra\u00e7\u00e3o do Ensino, Pesquisa e Extens\u00e3o da UFVJM, 5 a 8 de junho de 2019 Diamantina\/MG.<\/strong><\/p>\n\n\n\n<p class=\"has-text-align-justify\">Yanne Araujo Siqueira, Karla Victoria Tavares Castro, Lorena Francisca Silva Cruz, Anderson De Atos Alves Silva, Rafael Avila Arantes, Cristina F Diniz.<strong>&nbsp;Juri Simulado,&nbsp;<\/strong>VII Semana da Integra\u00e7\u00e3o do Ensino, Pesquisa e Extens\u00e3o da UFVJM, 5 a 8 de junho de 2019 Diamantina\/MG.<\/p>\n\n\n\n<p class=\"has-text-align-justify\">Danilo Lopes Santos, Geraldo W. Rocha Fernandes, Cristina Fontes Diniz, Mary Gomes Barboza Santos,<strong>&nbsp;O Uso Das Analogias No Ensino De Qu\u00edmica No Ensino M\u00e9dio,&nbsp;<\/strong>VII Semana da Integra\u00e7\u00e3o do Ensino, Pesquisa e Extens\u00e3o da UFVJM, 5 a 8 de junho de 2019 Diamantina\/MG.<\/p>\n\n\n\n<p class=\"has-text-align-justify\">Melina Raimundi Andrade, Naiara Calinca Santos, \u00cdtalo Tadeu de Medeiros Pereira, Cristina F Diniz, Helen Rose De Castro Silva Andrade<strong>, PROJETO DROGAS,&nbsp;<\/strong>VII Semana da Integra\u00e7\u00e3o do Ensino, Pesquisa e Extens\u00e3o da UFVJM, 5 a 8 de junho de 2019 Diamantina\/MG.<\/p>\n\n\n\n<p class=\"has-text-align-justify\">Juliete Carine Ribeiro Andrade, M\u00e1rcia do Carmo Vieira Higino, Creicimara Pereira, Tauane Mara Pio, Nathalia de Barros Gon\u00e7alves, Mary Gomes Barboza Santos, Cristina Fontes Diniz<strong>, Classificando Rea\u00e7\u00f5es com Reagentes Alternativos,\u00a0<\/strong>VII Semana da Integra\u00e7\u00e3o do Ensino, Pesquisa e Extens\u00e3o da UFVJM, 5 a 8 de junho de 2019 Diamantina\/MG.<\/p>\n\n\n\n<p class=\"has-text-align-justify\"><strong>Evento: VII Encontro Nacional das Licenciaturas VII ENALIC-&nbsp;VI Semin\u00e1rio do PIBID \u2013&nbsp;I Semin\u00e1rio do Resid\u00eancia Pedag\u00f3gica&nbsp;5 a 7 de dezembro de 2018 Fortaleza\/CE.<\/strong><\/p>\n\n\n\n<p><strong>Para acessar os anais<\/strong>\u00a0<a href=\"http:\/\/editorarealize.com.br\/revistas\/enalic\/anais.php\" target=\"_blank\" aria-label=\" (opens in a new tab)\" rel=\"noreferrer noopener\" class=\"ek-link\">clique aqui<\/a> .<\/p>\n\n\n\n<p class=\"has-text-align-justify\">Cristina Fontes Diniz, Ang\u00e9lica Oliveira Ara\u00fajo, Wingston Walter do Nascimento Damasceno, Deivison da Silva Rodrigues.<strong>&nbsp;PERFIL DOS EGRESSOS DO CURSO DE LICENCIATURA EM QU\u00cdMICA DA UFVJM E O IMPACTO DO PIBID NA FORMA\u00c7\u00c3O DOCENTE<\/strong>,&nbsp;<strong>VII&nbsp;<\/strong>Encontro Nacional das Licenciaturas, 5 a 7 de dezembro de 2018, Fortaleza\/CE.<\/p>\n\n\n\n<p class=\"has-text-align-justify\">Cristina Fontes Diniz, Patr\u00edcia Machado de Oliveira, Wingston Walter Do Nascimento Damasceno, Deivison Da Silva Rodrigues<strong>. PROBLEMA ABERTO: MANTEIGA OU MARGARINA? E A PRODU\u00c7\u00c3O DE SAB\u00c3O SOB UMA ABORDAGEM CTS<\/strong>,\u00a0VII Encontro Nacional das Licenciaturas, 5 a 7 de dezembro de 2018, Fortaleza\/CE.<\/p>\n","protected":false},"excerpt":{"rendered":"<p>Acompanhe os trabalhos que os alunos e professores do Pibid apresentaram em eventos: Evento:\u00a0VII Semana da Integra\u00e7\u00e3o do Ensino, Pesquisa e Extens\u00e3o da UFVJM \u2013 VII SINTEGRA, [Com]ci\u00eancia Feminina, realizada pela\u00a0Universidade Federal dos Vales do Jequitinhonha e Mucuri \u2013 UFVJM, no per\u00edodo de 5 a 8 de junho de 2019.\u00a0 Para acessar os anais\u00a0clique aqui . Brenda Carolina Lucena Oliveira, Cristina F Diniz, Yasmim Fernandes de Carvalho , Wilton Gon\u00e7alves Santos, Rayara Silva Reis, Experimentando a Qu\u00edmica: A Garrafa Azul,&nbsp;VII Semana da Integra\u00e7\u00e3o do Ensino, Pesquisa e Extens\u00e3o da UFVJM, 5 a 8 de junho de 2019 Diamantina\/MG. M\u00e1rcia Do Carmo Vieira Higino, Danilo Lopes Santos, Cristina F Diniz,&nbsp;Mary Gomes Barboza Santos, Tiago de Castro Batista, Fun\u00e7\u00f5es Inorg\u00e2nicas: Experimento Investigativo, VII Semana da Integra\u00e7\u00e3o do Ensino, Pesquisa e Extens\u00e3o da UFVJM, 5 a 8 de junho de 2019 Diamantina\/MG. Yanne Araujo Siqueira, Karla Victoria Tavares Castro, Lorena Francisca Silva Cruz, Anderson De Atos Alves Silva, Rafael Avila Arantes, Cristina F Diniz.&nbsp;Juri Simulado,&nbsp;VII Semana da Integra\u00e7\u00e3o do Ensino, Pesquisa e Extens\u00e3o da UFVJM, 5 a 8 de junho de 2019 Diamantina\/MG. Danilo Lopes Santos, Geraldo W. Rocha Fernandes, Cristina Fontes Diniz, Mary Gomes Barboza Santos,&nbsp;O Uso Das Analogias No Ensino De Qu\u00edmica No Ensino M\u00e9dio,&nbsp;VII Semana da Integra\u00e7\u00e3o do Ensino, Pesquisa e Extens\u00e3o da UFVJM, 5 a 8 de junho de 2019 Diamantina\/MG. Melina Raimundi Andrade, Naiara Calinca Santos, \u00cdtalo Tadeu de Medeiros Pereira, Cristina F Diniz, Helen Rose De Castro Silva Andrade, PROJETO DROGAS,&nbsp;VII Semana da Integra\u00e7\u00e3o do Ensino, Pesquisa e Extens\u00e3o da UFVJM, 5 a 8 de junho de 2019 Diamantina\/MG. Juliete Carine Ribeiro Andrade, M\u00e1rcia do Carmo Vieira Higino, Creicimara Pereira, Tauane Mara Pio, Nathalia de Barros Gon\u00e7alves, Mary Gomes Barboza Santos, Cristina Fontes Diniz, Classificando Rea\u00e7\u00f5es com Reagentes Alternativos,\u00a0VII Semana da Integra\u00e7\u00e3o do Ensino, Pesquisa e Extens\u00e3o da UFVJM, 5 a 8 de junho de 2019 Diamantina\/MG. Evento: VII Encontro Nacional das Licenciaturas VII ENALIC-&nbsp;VI Semin\u00e1rio do PIBID \u2013&nbsp;I Semin\u00e1rio do Resid\u00eancia Pedag\u00f3gica&nbsp;5 a 7 de dezembro de 2018 Fortaleza\/CE. Para acessar os anais\u00a0clique aqui . Cristina Fontes Diniz, Ang\u00e9lica Oliveira Ara\u00fajo, Wingston Walter do Nascimento Damasceno, Deivison da Silva Rodrigues.&nbsp;PERFIL DOS EGRESSOS DO CURSO DE LICENCIATURA EM QU\u00cdMICA DA UFVJM E O IMPACTO DO PIBID NA FORMA\u00c7\u00c3O DOCENTE,&nbsp;VII&nbsp;Encontro Nacional das Licenciaturas, 5 a 7 de dezembro de 2018, Fortaleza\/CE. Cristina Fontes Diniz, Patr\u00edcia Machado de Oliveira, Wingston Walter Do Nascimento Damasceno, Deivison Da Silva Rodrigues. PROBLEMA ABERTO: MANTEIGA OU MARGARINA? E A PRODU\u00c7\u00c3O DE SAB\u00c3O SOB UMA ABORDAGEM CTS,\u00a0VII Encontro Nacional das Licenciaturas, 5 a 7 de dezembro de 2018, Fortaleza\/CE.<\/p>\n","protected":false},"author":1,"featured_media":0,"parent":0,"menu_order":0,"comment_status":"closed","ping_status":"closed","template":"","meta":{"_editorskit_title_hidden":false,"_editorskit_reading_time":0,"_editorskit_is_block_options_detached":false,"_editorskit_block_options_position":"{}","_exactmetrics_skip_tracking":false,"_exactmetrics_sitenote_active":false,"_exactmetrics_sitenote_note":"","_exactmetrics_sitenote_category":0,"footnotes":""},"_links":{"self":[{"href":"https:\/\/quimica.ufvjm.edu.br\/index.php?rest_route=\/wp\/v2\/pages\/6471"}],"collection":[{"href":"https:\/\/quimica.ufvjm.edu.br\/index.php?rest_route=\/wp\/v2\/pages"}],"about":[{"href":"https:\/\/quimica.ufvjm.edu.br\/index.php?rest_route=\/wp\/v2\/types\/page"}],"author":[{"embeddable":true,"href":"https:\/\/quimica.ufvjm.edu.br\/index.php?rest_route=\/wp\/v2\/users\/1"}],"replies":[{"embeddable":true,"href":"https:\/\/quimica.ufvjm.edu.br\/index.php?rest_route=%2Fwp%2Fv2%2Fcomments&post=6471"}],"version-history":[{"count":2,"href":"https:\/\/quimica.ufvjm.edu.br\/index.php?rest_route=\/wp\/v2\/pages\/6471\/revisions"}],"predecessor-version":[{"id":6473,"href":"https:\/\/quimica.ufvjm.edu.br\/index.php?rest_route=\/wp\/v2\/pages\/6471\/revisions\/6473"}],"wp:attachment":[{"href":"https:\/\/quimica.ufvjm.edu.br\/index.php?rest_route=%2Fwp%2Fv2%2Fmedia&parent=6471"}],"curies":[{"name":"wp","href":"https:\/\/api.w.org\/{rel}","templated":true}]}}