{"id":6440,"date":"2024-05-23T15:36:46","date_gmt":"2024-05-23T18:36:46","guid":{"rendered":"https:\/\/quimica.ufvjm.edu.br\/?page_id=6440"},"modified":"2024-05-23T15:36:47","modified_gmt":"2024-05-23T18:36:47","slug":"programa-multicentrico-em-quimica","status":"publish","type":"page","link":"https:\/\/quimica.ufvjm.edu.br\/?page_id=6440","title":{"rendered":"Programa multic\u00eantrico em Qu\u00edmica"},"content":{"rendered":"\n<figure class=\"text-center\"><img decoding=\"async\" src=\"https:\/\/quimica.ufvjm.edu.br\/wp-admin\/images\/icons\/capa%20multic%C3%AAntrico.png?_t=1716489299\" width=\"500px\"><\/figure>\n\n\n\n<p class=\"has-text-align-justify\">O DEQUI\/UFVJM\u00a0comp\u00f5e\u00a0a\u00a0<strong>REDE MINEIRA DE QU\u00cdMICA (RQ-MG)<\/strong>, fundada em dezembro de 2009, com o objetivo de integrar pesquisadores do Estado de Minas Gerais, minimizando distor\u00e7\u00f5es e desigualdades regionais, estimulando o desenvolvimento de projetos de pesquisa de qualidade e que resultem em proje\u00e7\u00e3o das atividades na \u00e1rea de qu\u00edmica de\u00a0nosso Estado.<\/p>\n\n\n\n<p class=\"has-text-align-justify\">Um dos produtos gerados \u00e9 o&nbsp;<strong>PROGRAMA DE P\u00d3S-GRADUA\u00c7\u00c3O MULTIC\u00caNTRICO EM QU\u00cdMICA DE MINAS GERAIS (PPGMQ-MG)<\/strong>. Os Professores do DEQUI\/UFVJM orientam no PPGMQ-MG em n\u00edvel de Doutorado e desenvolvem estudos nas seguintes linhas de pesquisa:<\/p>\n\n\n\n<ol>\n<li>Desenvolvimento de Materiais Condutores e semicondutores para Aplica\u00e7\u00f5es em Processos Eletroqu\u00edmicos<\/li>\n\n\n\n<li>Desenvolvimento de Sensores Eletroqu\u00edmicos Aplicados a Amostras de Interesse Farmac\u00eautico, Biol\u00f3gico e Ambiental<\/li>\n\n\n\n<li>Desenvolvimento de Nanomateriais e Aplica\u00e7\u00f5es<\/li>\n\n\n\n<li>Qu\u00edmica de Pept\u00eddeos e Prote\u00ednas<\/li>\n\n\n\n<li>Separa\u00e7\u00f5es Qu\u00edmicas<\/li>\n<\/ol>\n\n\n\n<p>Visite a p\u00e1gina do\u00a0<a href=\"http:\/\/rqmg.com.br\/pos-graduacao\/\" target=\"_blank\" aria-label=\" (opens in a new tab)\" rel=\"noreferrer noopener\" class=\"ek-link\">PPGMQ-MG<\/a>.<\/p>\n","protected":false},"excerpt":{"rendered":"<p>O DEQUI\/UFVJM\u00a0comp\u00f5e\u00a0a\u00a0REDE MINEIRA DE QU\u00cdMICA (RQ-MG), fundada em dezembro de 2009, com o objetivo de integrar pesquisadores do Estado de Minas Gerais, minimizando distor\u00e7\u00f5es e desigualdades regionais, estimulando o desenvolvimento de projetos de pesquisa de qualidade e que resultem em proje\u00e7\u00e3o das atividades na \u00e1rea de qu\u00edmica de\u00a0nosso Estado. Um dos produtos gerados \u00e9 o&nbsp;PROGRAMA DE P\u00d3S-GRADUA\u00c7\u00c3O MULTIC\u00caNTRICO EM QU\u00cdMICA DE MINAS GERAIS (PPGMQ-MG). Os Professores do DEQUI\/UFVJM orientam no PPGMQ-MG em n\u00edvel de Doutorado e desenvolvem estudos nas seguintes linhas de pesquisa: Visite a p\u00e1gina do\u00a0PPGMQ-MG.<\/p>\n","protected":false},"author":1,"featured_media":0,"parent":0,"menu_order":0,"comment_status":"closed","ping_status":"closed","template":"","meta":{"_editorskit_title_hidden":false,"_editorskit_reading_time":0,"_editorskit_is_block_options_detached":false,"_editorskit_block_options_position":"{}","_exactmetrics_skip_tracking":false,"_exactmetrics_sitenote_active":false,"_exactmetrics_sitenote_note":"","_exactmetrics_sitenote_category":0,"footnotes":""},"_links":{"self":[{"href":"https:\/\/quimica.ufvjm.edu.br\/index.php?rest_route=\/wp\/v2\/pages\/6440"}],"collection":[{"href":"https:\/\/quimica.ufvjm.edu.br\/index.php?rest_route=\/wp\/v2\/pages"}],"about":[{"href":"https:\/\/quimica.ufvjm.edu.br\/index.php?rest_route=\/wp\/v2\/types\/page"}],"author":[{"embeddable":true,"href":"https:\/\/quimica.ufvjm.edu.br\/index.php?rest_route=\/wp\/v2\/users\/1"}],"replies":[{"embeddable":true,"href":"https:\/\/quimica.ufvjm.edu.br\/index.php?rest_route=%2Fwp%2Fv2%2Fcomments&post=6440"}],"version-history":[{"count":4,"href":"https:\/\/quimica.ufvjm.edu.br\/index.php?rest_route=\/wp\/v2\/pages\/6440\/revisions"}],"predecessor-version":[{"id":6444,"href":"https:\/\/quimica.ufvjm.edu.br\/index.php?rest_route=\/wp\/v2\/pages\/6440\/revisions\/6444"}],"wp:attachment":[{"href":"https:\/\/quimica.ufvjm.edu.br\/index.php?rest_route=%2Fwp%2Fv2%2Fmedia&parent=6440"}],"curies":[{"name":"wp","href":"https:\/\/api.w.org\/{rel}","templated":true}]}}

Programa multicêntrico em Química

<figure class="text-center"><img decoding="async" src="https://quimica.ufvjm.edu.br/wp-admin/images/icons/capa%20multic%C3%AAntrico.png?_t=1716489299" width="500px"></figure>



<p class="has-text-align-justify">O DEQUI/UFVJM compõe a <strong>REDE MINEIRA DE QUÍMICA (RQ-MG)</strong>, fundada em dezembro de 2009, com o objetivo de integrar pesquisadores do Estado de Minas Gerais, minimizando distorções e desigualdades regionais, estimulando o desenvolvimento de projetos de pesquisa de qualidade e que resultem em projeção das atividades na área de química de nosso Estado.</p>



<p class="has-text-align-justify">Um dos produtos gerados é o&nbsp;<strong>PROGRAMA DE PÓS-GRADUAÇÃO MULTICÊNTRICO EM QUÍMICA DE MINAS GERAIS (PPGMQ-MG)</strong>. Os Professores do DEQUI/UFVJM orientam no PPGMQ-MG em nível de Doutorado e desenvolvem estudos nas seguintes linhas de pesquisa:</p>



<ol>
<li>Desenvolvimento de Materiais Condutores e semicondutores para Aplicações em Processos Eletroquímicos</li>



<li>Desenvolvimento de Sensores Eletroquímicos Aplicados a Amostras de Interesse Farmacêutico, Biológico e Ambiental</li>



<li>Desenvolvimento de Nanomateriais e Aplicações</li>



<li>Química de Peptídeos e Proteínas</li>



<li>Separações Químicas</li>
</ol>



<p>Visite a página do <a href="http://rqmg.com.br/pos-graduacao/" target="_blank" aria-label=" (opens in a new tab)" rel="noreferrer noopener" class="ek-link">PPGMQ-MG</a>.</p>

<p>O DEQUI/UFVJM compõe a REDE MINEIRA DE QUÍMICA (RQ-MG), fundada em dezembro de 2009, com o objetivo de integrar pesquisadores do Estado de Minas Gerais, minimizando distorções e desigualdades regionais, estimulando o desenvolvimento de projetos de pesquisa de qualidade e que resultem em projeção das atividades na área de química de nosso Estado. Um dos produtos gerados é o&nbsp;PROGRAMA DE PÓS-GRADUAÇÃO MULTICÊNTRICO EM QUÍMICA DE MINAS GERAIS (PPGMQ-MG). Os Professores do DEQUI/UFVJM orientam no PPGMQ-MG em nível de Doutorado e desenvolvem estudos nas seguintes linhas de pesquisa: Visite a página do PPGMQ-MG.</p>
