{"id":6426,"date":"2024-05-23T15:17:19","date_gmt":"2024-05-23T18:17:19","guid":{"rendered":"https:\/\/quimica.ufvjm.edu.br\/?page_id=6426"},"modified":"2024-05-23T15:58:09","modified_gmt":"2024-05-23T18:58:09","slug":"mestrado-em-educacao-em-ciencias-matematica-e-tecnologia","status":"publish","type":"page","link":"https:\/\/quimica.ufvjm.edu.br\/?page_id=6426","title":{"rendered":"Mestrado em Educa\u00e7\u00e3o em Ci\u00eancias, Matem\u00e1tica e Tecnologia"},"content":{"rendered":"\n<h4 class=\"wp-block-heading\"><a href=\"http:\/\/site.ufvjm.edu.br\/dequi\/files\/2017\/08\/pp.png\"><\/a><\/h4>\n\n\n\n<figure class=\"text-center\"><img decoding=\"async\" src=\"https:\/\/quimica.ufvjm.edu.br\/wp-admin\/images\/icons\/ppgecmat%20logo.jpg?_t=1715887784\" width=\"300px\"><\/figure>\n\n\n\n<p class=\"has-text-align-justify\">Docentes do DEQUI comp\u00f5em a proposta de cria\u00e7\u00e3o do <strong>Programa de P\u00f3s-Gradua\u00e7\u00e3o em Educa\u00e7\u00e3o em Ci\u00eancias, Matem\u00e1tica e Tecnologia<\/strong> (PPGECMaT) da UFVJM.<\/p>\n\n\n\n<p class=\"has-text-align-justify\">A proposta do Programa de P\u00f3s-Gradua\u00e7\u00e3o em Educa\u00e7\u00e3o em Ci\u00eancias, Matem\u00e1tica e Tecnologia, na forma de mestrado profissional, se originou a partir da necessidade de fortalecer a intera\u00e7\u00e3o entre as diferentes \u00e1reas das Ci\u00eancias Naturais (Qu\u00edmica, F\u00edsica, Biologia, Geoci\u00eancias e \u00e1reas afins) e Matem\u00e1tica com as Tecnologias. A proposta tem como objetivo nortear as rela\u00e7\u00f5es entre o conhecimento cient\u00edfico, matem\u00e1tico e tecnol\u00f3gico na Educa\u00e7\u00e3o B\u00e1sica e Ensino Superior e prop\u00f5e-se a qualificar professores\/ pesquisadores cuja produ\u00e7\u00e3o intelectual e cient\u00edfica possa contribuir para um Ensino de Ci\u00eancias e Matem\u00e1tica de melhor qualidade.<\/p>\n\n\n\n<p class=\"has-text-align-justify\">Visite a p\u00e1gina do PPGECMaT clicando <a href=\"https:\/\/www.ppgecmat.com\/\" target=\"_blank\" aria-label=\"aqui (opens in a new tab)\" rel=\"noreferrer noopener\" class=\"ek-link\">aqui<\/a> e conhe\u00e7a o programa.<\/p>\n","protected":false},"excerpt":{"rendered":"<p>Docentes do DEQUI comp\u00f5em a proposta de cria\u00e7\u00e3o do Programa de P\u00f3s-Gradua\u00e7\u00e3o em Educa\u00e7\u00e3o em Ci\u00eancias, Matem\u00e1tica e Tecnologia (PPGECMaT) da UFVJM. A proposta do Programa de P\u00f3s-Gradua\u00e7\u00e3o em Educa\u00e7\u00e3o em Ci\u00eancias, Matem\u00e1tica e Tecnologia, na forma de mestrado profissional, se originou a partir da necessidade de fortalecer a intera\u00e7\u00e3o entre as diferentes \u00e1reas das Ci\u00eancias Naturais (Qu\u00edmica, F\u00edsica, Biologia, Geoci\u00eancias e \u00e1reas afins) e Matem\u00e1tica com as Tecnologias. A proposta tem como objetivo nortear as rela\u00e7\u00f5es entre o conhecimento cient\u00edfico, matem\u00e1tico e tecnol\u00f3gico na Educa\u00e7\u00e3o B\u00e1sica e Ensino Superior e prop\u00f5e-se a qualificar professores\/ pesquisadores cuja produ\u00e7\u00e3o intelectual e cient\u00edfica possa contribuir para um Ensino de Ci\u00eancias e Matem\u00e1tica de melhor qualidade. Visite a p\u00e1gina do PPGECMaT clicando aqui e conhe\u00e7a o programa.<\/p>\n","protected":false},"author":1,"featured_media":0,"parent":0,"menu_order":0,"comment_status":"closed","ping_status":"closed","template":"","meta":{"_editorskit_title_hidden":false,"_editorskit_reading_time":0,"_editorskit_is_block_options_detached":false,"_editorskit_block_options_position":"{}","_exactmetrics_skip_tracking":false,"_exactmetrics_sitenote_active":false,"_exactmetrics_sitenote_note":"","_exactmetrics_sitenote_category":0,"footnotes":""},"_links":{"self":[{"href":"https:\/\/quimica.ufvjm.edu.br\/index.php?rest_route=\/wp\/v2\/pages\/6426"}],"collection":[{"href":"https:\/\/quimica.ufvjm.edu.br\/index.php?rest_route=\/wp\/v2\/pages"}],"about":[{"href":"https:\/\/quimica.ufvjm.edu.br\/index.php?rest_route=\/wp\/v2\/types\/page"}],"author":[{"embeddable":true,"href":"https:\/\/quimica.ufvjm.edu.br\/index.php?rest_route=\/wp\/v2\/users\/1"}],"replies":[{"embeddable":true,"href":"https:\/\/quimica.ufvjm.edu.br\/index.php?rest_route=%2Fwp%2Fv2%2Fcomments&post=6426"}],"version-history":[{"count":5,"href":"https:\/\/quimica.ufvjm.edu.br\/index.php?rest_route=\/wp\/v2\/pages\/6426\/revisions"}],"predecessor-version":[{"id":6438,"href":"https:\/\/quimica.ufvjm.edu.br\/index.php?rest_route=\/wp\/v2\/pages\/6426\/revisions\/6438"}],"wp:attachment":[{"href":"https:\/\/quimica.ufvjm.edu.br\/index.php?rest_route=%2Fwp%2Fv2%2Fmedia&parent=6426"}],"curies":[{"name":"wp","href":"https:\/\/api.w.org\/{rel}","templated":true}]}}

Mestrado em Educação em Ciências, Matemática e Tecnologia

<h4 class="wp-block-heading"><a href="http://site.ufvjm.edu.br/dequi/files/2017/08/pp.png"></a></h4>



<figure class="text-center"><img decoding="async" src="https://quimica.ufvjm.edu.br/wp-admin/images/icons/ppgecmat%20logo.jpg?_t=1715887784" width="300px"></figure>



<p class="has-text-align-justify">Docentes do DEQUI compõem a proposta de criação do <strong>Programa de Pós-Graduação em Educação em Ciências, Matemática e Tecnologia</strong> (PPGECMaT) da UFVJM.</p>



<p class="has-text-align-justify">A proposta do Programa de Pós-Graduação em Educação em Ciências, Matemática e Tecnologia, na forma de mestrado profissional, se originou a partir da necessidade de fortalecer a interação entre as diferentes áreas das Ciências Naturais (Química, Física, Biologia, Geociências e áreas afins) e Matemática com as Tecnologias. A proposta tem como objetivo nortear as relações entre o conhecimento científico, matemático e tecnológico na Educação Básica e Ensino Superior e propõe-se a qualificar professores/ pesquisadores cuja produção intelectual e científica possa contribuir para um Ensino de Ciências e Matemática de melhor qualidade.</p>



<p class="has-text-align-justify">Visite a página do PPGECMaT clicando <a href="https://www.ppgecmat.com/" target="_blank" aria-label="aqui (opens in a new tab)" rel="noreferrer noopener" class="ek-link">aqui</a> e conheça o programa.</p>

<p>Docentes do DEQUI compõem a proposta de criação do Programa de Pós-Graduação em Educação em Ciências, Matemática e Tecnologia (PPGECMaT) da UFVJM. A proposta do Programa de Pós-Graduação em Educação em Ciências, Matemática e Tecnologia, na forma de mestrado profissional, se originou a partir da necessidade de fortalecer a interação entre as diferentes áreas das Ciências Naturais (Química, Física, Biologia, Geociências e áreas afins) e Matemática com as Tecnologias. A proposta tem como objetivo nortear as relações entre o conhecimento científico, matemático e tecnológico na Educação Básica e Ensino Superior e propõe-se a qualificar professores/ pesquisadores cuja produção intelectual e científica possa contribuir para um Ensino de Ciências e Matemática de melhor qualidade. Visite a página do PPGECMaT clicando aqui e conheça o programa.</p>
