{"id":6409,"date":"2024-05-22T14:57:22","date_gmt":"2024-05-22T17:57:22","guid":{"rendered":"https:\/\/quimica.ufvjm.edu.br\/?page_id=6409"},"modified":"2024-05-22T14:57:23","modified_gmt":"2024-05-22T17:57:23","slug":"equivalencias","status":"publish","type":"page","link":"https:\/\/quimica.ufvjm.edu.br\/?page_id=6409","title":{"rendered":"Equival\u00eancias"},"content":{"rendered":"\n<figure class=\"wp-block-table\"><table><tbody><tr><td class=\"has-text-align-center\" data-align=\"center\"><strong>C\u00f3digo<\/strong><\/td><td class=\"has-text-align-center\" data-align=\"center\"><strong>Disciplina<br>Grade Curricular<br>2018\/2<\/strong><\/td><td class=\"has-text-align-center\" data-align=\"center\"><strong>C\u00f3digo<\/strong><\/td><td class=\"has-text-align-center\" data-align=\"center\"><strong>Disciplina<br>Grade Curricular <\/strong><br><strong>2009\/2<\/strong><\/td><\/tr><tr><td class=\"has-text-align-center\" data-align=\"center\">QUI074<\/td><td class=\"has-text-align-center\" data-align=\"center\">Did\u00e1tica<\/td><td class=\"has-text-align-center\" data-align=\"center\">QUI035<\/td><td class=\"has-text-align-center\" data-align=\"center\">Metodologia do<br>Ensino<\/td><\/tr><tr><td class=\"has-text-align-center\" data-align=\"center\">QUI075<\/td><td class=\"has-text-align-center\" data-align=\"center\">F\u00edsica II<\/td><td class=\"has-text-align-center\" data-align=\"center\">QUI034<\/td><td class=\"has-text-align-center\" data-align=\"center\">F\u00edsica II<\/td><\/tr><tr><td class=\"has-text-align-center\" data-align=\"center\">QUI081<\/td><td class=\"has-text-align-center\" data-align=\"center\">F\u00edsico-Qu\u00edmica II<\/td><td class=\"has-text-align-center\" data-align=\"center\">QUI010<\/td><td class=\"has-text-align-center\" data-align=\"center\">F\u00edsico-Qu\u00edmica II<\/td><\/tr><tr><td class=\"has-text-align-center\" data-align=\"center\">QUI070<\/td><td class=\"has-text-align-center\" data-align=\"center\">Hist\u00f3ria da Qu\u00edmica<\/td><td class=\"has-text-align-center\" data-align=\"center\">QUI042<\/td><td class=\"has-text-align-center\" data-align=\"center\">Semin\u00e1rios da<br>Gradua\u00e7\u00e3o II: Hist\u00f3ria da Qu\u00edmica<\/td><\/tr><tr><td class=\"has-text-align-center\" data-align=\"center\">LIBR001<\/td><td class=\"has-text-align-center\" data-align=\"center\">L\u00edngua Brasileira de<br>Sinais \u2013 LIBRA<\/td><td class=\"has-text-align-center\" data-align=\"center\">EDF045<\/td><td class=\"has-text-align-center\" data-align=\"center\">L\u00ednguas Brasileiras<br>de Sinai<\/td><\/tr><tr><td class=\"has-text-align-center\" data-align=\"center\">QUI084<\/td><td class=\"has-text-align-center\" data-align=\"center\">M\u00e9todos e<br>Instrumentos para o ensino de Qu\u00edmica II \u2013 MIEQII<\/td><td class=\"has-text-align-center\" data-align=\"center\">QUI040<\/td><td class=\"has-text-align-center\" data-align=\"center\">Instrumenta\u00e7\u00e3o para<br>o Ensino de Qu\u00edmica II<\/td><\/tr><tr><td class=\"has-text-align-center\" data-align=\"center\">QUI082<\/td><td class=\"has-text-align-center\" data-align=\"center\">M\u00e9todos e<br>Instrumentos para o ensino de Qu\u00edmica I \u2013 MIEQI<\/td><td class=\"has-text-align-center\" data-align=\"center\">QUI037<\/td><td class=\"has-text-align-center\" data-align=\"center\">Instrumenta\u00e7\u00e3o para<br>o Ensino de Qu\u00edmica I<\/td><\/tr><tr><td class=\"has-text-align-center\" data-align=\"center\">BIO111<\/td><td class=\"has-text-align-center\" data-align=\"center\">Pol\u00edticas<br>Educacionai<\/td><td class=\"has-text-align-center\" data-align=\"center\">BIO022<\/td><td class=\"has-text-align-center\" data-align=\"center\">Estrutura e<br>Funcionamento da Educa\u00e7\u00e3o<\/td><\/tr><tr><td class=\"has-text-align-center\" data-align=\"center\">QUI078<\/td><td class=\"has-text-align-center\" data-align=\"center\">Pr\u00e1tica de Ensino em<br>Qu\u00edmica<\/td><td class=\"has-text-align-center\" data-align=\"center\">QUI038<\/td><td class=\"has-text-align-center\" data-align=\"center\">Pr\u00e1tica de Ensino em<br>Qu\u00edmica<\/td><\/tr><tr><td class=\"has-text-align-center\" data-align=\"center\">QUI079<\/td><td class=\"has-text-align-center\" data-align=\"center\">Qu\u00edmica Anal\u00edtica<br>Instrumental<\/td><td class=\"has-text-align-center\" data-align=\"center\">QUI036<\/td><td class=\"has-text-align-center\" data-align=\"center\">Qu\u00edmica Anal\u00edtica<br>Instrumental<\/td><\/tr><tr><td class=\"has-text-align-center\" data-align=\"center\">QUI076<\/td><td class=\"has-text-align-center\" data-align=\"center\">Qu\u00edmica Anal\u00edtica<br>Quantitativa<\/td><td class=\"has-text-align-center\" data-align=\"center\">QUI012<\/td><td class=\"has-text-align-center\" data-align=\"center\">Qu\u00edmica Anal\u00edtica<br>Quantitativa<\/td><\/tr><tr><td class=\"has-text-align-center\" data-align=\"center\">QUI087<\/td><td class=\"has-text-align-center\" data-align=\"center\">Qu\u00edmica, Educa\u00e7\u00e3o e<br>Meio Ambiente<\/td><td class=\"has-text-align-center\" data-align=\"center\">QUI043<\/td><td class=\"has-text-align-center\" data-align=\"center\">Ensino de Qu\u00edmica<br>Ambiental<\/td><\/tr><tr><td class=\"has-text-align-center\" data-align=\"center\">QUI072<\/td><td class=\"has-text-align-center\" data-align=\"center\">Qu\u00edmica Geral II<\/td><td class=\"has-text-align-center\" data-align=\"center\">QUI033<\/td><td class=\"has-text-align-center\" data-align=\"center\">Qu\u00edmica Geral II<\/td><\/tr><tr><td class=\"has-text-align-center\" data-align=\"center\">QUI077<\/td><td class=\"has-text-align-center\" data-align=\"center\">Qu\u00edmica Inorg\u00e2nica<br>II<\/td><td class=\"has-text-align-center\" data-align=\"center\">QUI018<\/td><td class=\"has-text-align-center\" data-align=\"center\">Qu\u00edmica Inorg\u00e2nica<br>II<\/td><\/tr><tr><td class=\"has-text-align-center\" data-align=\"center\">QUI083<\/td><td class=\"has-text-align-center\" data-align=\"center\">Qu\u00edmica Org\u00e2nica II<\/td><td class=\"has-text-align-center\" data-align=\"center\">QUI011<\/td><td class=\"has-text-align-center\" data-align=\"center\">Qu\u00edmica Org\u00e2nica II<\/td><\/tr><tr><td class=\"has-text-align-center\" data-align=\"center\">QUI086<\/td><td class=\"has-text-align-center\" data-align=\"center\">Tecnologias Digitais<br>de Informa\u00e7\u00e3o e Comunica\u00e7\u00e3o no Ensino<\/td><td class=\"has-text-align-center\" data-align=\"center\">QUI057<\/td><td class=\"has-text-align-center\" data-align=\"center\">Introdu\u00e7\u00e3o \u00e0<br>Inform\u00e1tica<\/td><\/tr><\/tbody><\/table><\/figure>\n","protected":false},"excerpt":{"rendered":"<p>C\u00f3digo DisciplinaGrade Curricular2018\/2 C\u00f3digo DisciplinaGrade Curricular 2009\/2 QUI074 Did\u00e1tica QUI035 Metodologia doEnsino QUI075 F\u00edsica II QUI034 F\u00edsica II QUI081 F\u00edsico-Qu\u00edmica II QUI010 F\u00edsico-Qu\u00edmica II QUI070 Hist\u00f3ria da Qu\u00edmica QUI042 Semin\u00e1rios daGradua\u00e7\u00e3o II: Hist\u00f3ria da Qu\u00edmica LIBR001 L\u00edngua Brasileira deSinais \u2013 LIBRA EDF045 L\u00ednguas Brasileirasde Sinai QUI084 M\u00e9todos eInstrumentos para o ensino de Qu\u00edmica II \u2013 MIEQII QUI040 Instrumenta\u00e7\u00e3o parao Ensino de Qu\u00edmica II QUI082 M\u00e9todos eInstrumentos para o ensino de Qu\u00edmica I \u2013 MIEQI QUI037 Instrumenta\u00e7\u00e3o parao Ensino de Qu\u00edmica I BIO111 Pol\u00edticasEducacionai BIO022 Estrutura eFuncionamento da Educa\u00e7\u00e3o QUI078 Pr\u00e1tica de Ensino emQu\u00edmica QUI038 Pr\u00e1tica de Ensino emQu\u00edmica QUI079 Qu\u00edmica Anal\u00edticaInstrumental QUI036 Qu\u00edmica Anal\u00edticaInstrumental QUI076 Qu\u00edmica Anal\u00edticaQuantitativa QUI012 Qu\u00edmica Anal\u00edticaQuantitativa QUI087 Qu\u00edmica, Educa\u00e7\u00e3o eMeio Ambiente QUI043 Ensino de Qu\u00edmicaAmbiental QUI072 Qu\u00edmica Geral II QUI033 Qu\u00edmica Geral II QUI077 Qu\u00edmica Inorg\u00e2nicaII QUI018 Qu\u00edmica Inorg\u00e2nicaII QUI083 Qu\u00edmica Org\u00e2nica II QUI011 Qu\u00edmica Org\u00e2nica II QUI086 Tecnologias Digitaisde Informa\u00e7\u00e3o e Comunica\u00e7\u00e3o no Ensino QUI057 Introdu\u00e7\u00e3o \u00e0Inform\u00e1tica<\/p>\n","protected":false},"author":1,"featured_media":0,"parent":0,"menu_order":0,"comment_status":"closed","ping_status":"closed","template":"","meta":{"_editorskit_title_hidden":false,"_editorskit_reading_time":0,"_editorskit_is_block_options_detached":false,"_editorskit_block_options_position":"{}","_exactmetrics_skip_tracking":false,"_exactmetrics_sitenote_active":false,"_exactmetrics_sitenote_note":"","_exactmetrics_sitenote_category":0,"footnotes":""},"_links":{"self":[{"href":"https:\/\/quimica.ufvjm.edu.br\/index.php?rest_route=\/wp\/v2\/pages\/6409"}],"collection":[{"href":"https:\/\/quimica.ufvjm.edu.br\/index.php?rest_route=\/wp\/v2\/pages"}],"about":[{"href":"https:\/\/quimica.ufvjm.edu.br\/index.php?rest_route=\/wp\/v2\/types\/page"}],"author":[{"embeddable":true,"href":"https:\/\/quimica.ufvjm.edu.br\/index.php?rest_route=\/wp\/v2\/users\/1"}],"replies":[{"embeddable":true,"href":"https:\/\/quimica.ufvjm.edu.br\/index.php?rest_route=%2Fwp%2Fv2%2Fcomments&post=6409"}],"version-history":[{"count":2,"href":"https:\/\/quimica.ufvjm.edu.br\/index.php?rest_route=\/wp\/v2\/pages\/6409\/revisions"}],"predecessor-version":[{"id":6412,"href":"https:\/\/quimica.ufvjm.edu.br\/index.php?rest_route=\/wp\/v2\/pages\/6409\/revisions\/6412"}],"wp:attachment":[{"href":"https:\/\/quimica.ufvjm.edu.br\/index.php?rest_route=%2Fwp%2Fv2%2Fmedia&parent=6409"}],"curies":[{"name":"wp","href":"https:\/\/api.w.org\/{rel}","templated":true}]}}