{"id":6371,"date":"2024-05-16T16:51:58","date_gmt":"2024-05-16T19:51:58","guid":{"rendered":"https:\/\/quimica.ufvjm.edu.br\/?page_id=6371"},"modified":"2024-05-23T15:37:08","modified_gmt":"2024-05-23T18:37:08","slug":"pos-graduacao","status":"publish","type":"page","link":"https:\/\/quimica.ufvjm.edu.br\/?page_id=6371","title":{"rendered":"P\u00f3s-Gradua\u00e7\u00e3o"},"content":{"rendered":"\n<p class=\"has-text-align-justify\">Os docentes do DEQUI atuam em&nbsp;diferentes Programas de P\u00f3s-gradua\u00e7\u00e3o<em>&nbsp;stricto sensu<\/em>&nbsp;em Qu\u00edmica na UFVJM, incluindo os n\u00edveis de Mestrado e Doutorado.<\/p>\n\n\n\n<div class=\"container text-center\">\n     <div class=\"row justify-content-md-center\">\n     <a href=\"https:\/\/quimica.ufvjm.edu.br\/?page_id=6416\">\n       <figure> <img decoding=\"async\" src=\"https:\/\/quimica.ufvjm.edu.br\/wp-admin\/images\/icons\/ppgq%20logo.jpg?_t=1715887784\" width=\"300px\"> <\/figure>\n     <\/a>\n     <a href=\"https:\/\/quimica.ufvjm.edu.br\/?page_id=6426\">\n        <figure> <img decoding=\"async\" src=\"https:\/\/quimica.ufvjm.edu.br\/wp-admin\/images\/icons\/ppgecmat%20logo.jpg?_t=1715887784\" width=\"300px\"> <\/figure>\n     <\/a>\n     <a href=\"https:\/\/quimica.ufvjm.edu.br\/?page_id=6440\">   \n        <figure> <img decoding=\"async\" src=\"https:\/\/quimica.ufvjm.edu.br\/wp-admin\/images\/icons\/programa%20multicentrico.jpg?_t=1715887784\" width=\"300px\"> <\/figure>\n     <\/a>\n     <\/div>\n<\/div>\n","protected":false},"excerpt":{"rendered":"<p>Os docentes do DEQUI atuam em&nbsp;diferentes Programas de P\u00f3s-gradua\u00e7\u00e3o&nbsp;stricto sensu&nbsp;em Qu\u00edmica na UFVJM, incluindo os n\u00edveis de Mestrado e Doutorado.<\/p>\n","protected":false},"author":1,"featured_media":0,"parent":0,"menu_order":0,"comment_status":"closed","ping_status":"closed","template":"","meta":{"_editorskit_title_hidden":false,"_editorskit_reading_time":0,"_editorskit_is_block_options_detached":false,"_editorskit_block_options_position":"{}","_exactmetrics_skip_tracking":false,"_exactmetrics_sitenote_active":false,"_exactmetrics_sitenote_note":"","_exactmetrics_sitenote_category":0,"footnotes":""},"_links":{"self":[{"href":"https:\/\/quimica.ufvjm.edu.br\/index.php?rest_route=\/wp\/v2\/pages\/6371"}],"collection":[{"href":"https:\/\/quimica.ufvjm.edu.br\/index.php?rest_route=\/wp\/v2\/pages"}],"about":[{"href":"https:\/\/quimica.ufvjm.edu.br\/index.php?rest_route=\/wp\/v2\/types\/page"}],"author":[{"embeddable":true,"href":"https:\/\/quimica.ufvjm.edu.br\/index.php?rest_route=\/wp\/v2\/users\/1"}],"replies":[{"embeddable":true,"href":"https:\/\/quimica.ufvjm.edu.br\/index.php?rest_route=%2Fwp%2Fv2%2Fcomments&post=6371"}],"version-history":[{"count":17,"href":"https:\/\/quimica.ufvjm.edu.br\/index.php?rest_route=\/wp\/v2\/pages\/6371\/revisions"}],"predecessor-version":[{"id":6446,"href":"https:\/\/quimica.ufvjm.edu.br\/index.php?rest_route=\/wp\/v2\/pages\/6371\/revisions\/6446"}],"wp:attachment":[{"href":"https:\/\/quimica.ufvjm.edu.br\/index.php?rest_route=%2Fwp%2Fv2%2Fmedia&parent=6371"}],"curies":[{"name":"wp","href":"https:\/\/api.w.org\/{rel}","templated":true}]}}