{"id":6358,"date":"2024-05-16T16:07:43","date_gmt":"2024-05-16T19:07:43","guid":{"rendered":"https:\/\/quimica.ufvjm.edu.br\/?page_id=6358"},"modified":"2025-07-18T22:35:44","modified_gmt":"2025-07-19T01:35:44","slug":"administrativo","status":"publish","type":"page","link":"https:\/\/quimica.ufvjm.edu.br\/?page_id=6358","title":{"rendered":"Administrativo"},"content":{"rendered":"\n<p>O Departamento de Qu\u00edmica integra a Faculdade de Ci\u00eancias Exatas (FACET) da UFVJM.<\/p>\n\n\n\n<h2 class=\"wp-block-heading\">Faculdade de Ci\u00eancias Exatas (FACET) <\/h2>\n\n\n\n<p>Prof.\u00aa\u00a0Roqueline Rodrigues Silva &#8211; <strong>Diretora<\/strong><br>E-mail:\u00a0<a href=\"mailto:dir.facet@ufvjm.edu.br\" target=\"_blank\" rel=\"noreferrer noopener\" class=\"ek-link\">dir.facet@ufvjm.edu.br<\/a>; Fone: (38) 3532 8320<\/p>\n\n\n\n<p>Prof. \u00c1thila Rocha Trindade &#8211; <strong>Vice-Diretor <\/strong><br>E-mail:\u00a0<a href=\"mailto:dir.facet@ufvjm.edu.br\" target=\"_blank\" rel=\"noreferrer noopener\" class=\"ek-link\">dir.facet@ufvjm.edu.br<\/a><\/p>\n\n\n\n<p>Petrus Albino de Oliveira &#8211; <strong>Secret\u00e1rio<\/strong><br>Sala 6 \u2013 Pr\u00e9dio 1 da FACET<br>E-mail:\u00a0<a href=\"mailto: sec.direcao@ict.ufvjm.edu.br\"><\/a><a href=\"mailto:sec.facet@uvjm.edu.br\" target=\"_blank\" rel=\"noreferrer noopener\" class=\"ek-link\">sec.facet@uvjm.edu.br<\/a>; Fone: (38) 3532-6820<\/p>\n\n\n\n<hr class=\"wp-block-separator has-alpha-channel-opacity\"\/>\n\n\n\n<h2 class=\"wp-block-heading\">Departamento de Qu\u00edmica (DEQUI)<\/h2>\n\n\n\n<p>Prof.\u00a0Paulo Henrique Fid\u00eancio<strong> &#8211; Chefe<\/strong><br>E-mail:\u00a0<a href=\"mailto:frederico.fioravante@ufvjm.edu.br\">chefia.quimica@ufvjm.edu.br<\/a>; Ramal: 8302<\/p>\n\n\n\n<p>Prof.\u00aa Cristina Fontes Diniz &#8211; <strong>Vice-chefe <\/strong><br>E-mail:\u00a0<a href=\"mailto:frederico.fioravante@ufvjm.edu.br\" class=\"ek-link\">cristina.fontes@ufvjm.edu.br<\/a>; Ramal: 8330<\/p>\n\n\n\n<p>Suellen Alves de Souza <strong>&#8211; Secret\u00e1ria<\/strong><br>Sala 6 \u2013 Pr\u00e9dio 1 da FACET<br>E-mail:\u00a0<a href=\"mailto: sec.direcao@ict.ufvjm.edu.br\"><\/a><a href=\"mailto:sec.facet@uvjm.edu.br\" target=\"_blank\" rel=\"noreferrer noopener\" class=\"ek-link\">sec.quimica@uvjm.edu.br<\/a>; Fone: (38) 3532-1252<\/p>\n\n\n\n<hr class=\"wp-block-separator has-alpha-channel-opacity\"\/>\n\n\n\n<p>Telefones: 55 xx (38) 3532-1200<\/p>\n","protected":false},"excerpt":{"rendered":"<p>O Departamento de Qu\u00edmica integra a Faculdade de Ci\u00eancias Exatas (FACET) da UFVJM. Faculdade de Ci\u00eancias Exatas (FACET) Prof.\u00aa\u00a0Roqueline Rodrigues Silva &#8211; DiretoraE-mail:\u00a0dir.facet@ufvjm.edu.br; Fone: (38) 3532 8320 Prof. \u00c1thila Rocha Trindade &#8211; Vice-Diretor E-mail:\u00a0dir.facet@ufvjm.edu.br Petrus Albino de Oliveira &#8211; Secret\u00e1rioSala 6 \u2013 Pr\u00e9dio 1 da FACETE-mail:\u00a0sec.facet@uvjm.edu.br; Fone: (38) 3532-6820 Departamento de Qu\u00edmica (DEQUI) Prof.\u00a0Paulo Henrique Fid\u00eancio &#8211; ChefeE-mail:\u00a0chefia.quimica@ufvjm.edu.br; Ramal: 8302 Prof.\u00aa Cristina Fontes Diniz &#8211; Vice-chefe E-mail:\u00a0cristina.fontes@ufvjm.edu.br; Ramal: 8330 Suellen Alves de Souza &#8211; Secret\u00e1riaSala 6 \u2013 Pr\u00e9dio 1 da FACETE-mail:\u00a0sec.quimica@uvjm.edu.br; Fone: (38) 3532-1252 Telefones: 55 xx (38) 3532-1200<\/p>\n","protected":false},"author":1,"featured_media":0,"parent":318,"menu_order":9,"comment_status":"closed","ping_status":"closed","template":"","meta":{"_editorskit_title_hidden":false,"_editorskit_reading_time":0,"_editorskit_is_block_options_detached":false,"_editorskit_block_options_position":"{}","_exactmetrics_skip_tracking":false,"_exactmetrics_sitenote_active":false,"_exactmetrics_sitenote_note":"","_exactmetrics_sitenote_category":0,"footnotes":""},"_links":{"self":[{"href":"https:\/\/quimica.ufvjm.edu.br\/index.php?rest_route=\/wp\/v2\/pages\/6358"}],"collection":[{"href":"https:\/\/quimica.ufvjm.edu.br\/index.php?rest_route=\/wp\/v2\/pages"}],"about":[{"href":"https:\/\/quimica.ufvjm.edu.br\/index.php?rest_route=\/wp\/v2\/types\/page"}],"author":[{"embeddable":true,"href":"https:\/\/quimica.ufvjm.edu.br\/index.php?rest_route=\/wp\/v2\/users\/1"}],"replies":[{"embeddable":true,"href":"https:\/\/quimica.ufvjm.edu.br\/index.php?rest_route=%2Fwp%2Fv2%2Fcomments&post=6358"}],"version-history":[{"count":7,"href":"https:\/\/quimica.ufvjm.edu.br\/index.php?rest_route=\/wp\/v2\/pages\/6358\/revisions"}],"predecessor-version":[{"id":6784,"href":"https:\/\/quimica.ufvjm.edu.br\/index.php?rest_route=\/wp\/v2\/pages\/6358\/revisions\/6784"}],"up":[{"embeddable":true,"href":"https:\/\/quimica.ufvjm.edu.br\/index.php?rest_route=\/wp\/v2\/pages\/318"}],"wp:attachment":[{"href":"https:\/\/quimica.ufvjm.edu.br\/index.php?rest_route=%2Fwp%2Fv2%2Fmedia&parent=6358"}],"curies":[{"name":"wp","href":"https:\/\/api.w.org\/{rel}","templated":true}]}}

<p>O Departamento de Química integra a Faculdade de Ciências Exatas (FACET) da UFVJM.</p>



<h2 class="wp-block-heading">Faculdade de Ciências Exatas (FACET) </h2>



<p>Prof.ª Roqueline Rodrigues Silva &#8211; <strong>Diretora</strong><br>E-mail: <a href="mailto:dir.facet@ufvjm.edu.br" target="_blank" rel="noreferrer noopener" class="ek-link">dir.facet@ufvjm.edu.br</a>; Fone: (38) 3532 8320</p>



<p>Prof. Áthila Rocha Trindade &#8211; <strong>Vice-Diretor </strong><br>E-mail: <a href="mailto:dir.facet@ufvjm.edu.br" target="_blank" rel="noreferrer noopener" class="ek-link">dir.facet@ufvjm.edu.br</a></p>



<p>Petrus Albino de Oliveira &#8211; <strong>Secretário</strong><br>Sala 6 – Prédio 1 da FACET<br>E-mail: <a href="mailto: sec.direcao@ict.ufvjm.edu.br"></a><a href="mailto:sec.facet@uvjm.edu.br" target="_blank" rel="noreferrer noopener" class="ek-link">sec.facet@uvjm.edu.br</a>; Fone: (38) 3532-6820</p>



<hr class="wp-block-separator has-alpha-channel-opacity"/>



<h2 class="wp-block-heading">Departamento de Química (DEQUI)</h2>



<p>Prof. Paulo Henrique Fidêncio<strong> &#8211; Chefe</strong><br>E-mail: <a href="mailto:frederico.fioravante@ufvjm.edu.br">chefia.quimica@ufvjm.edu.br</a>; Ramal: 8302</p>



<p>Prof.ª Cristina Fontes Diniz &#8211; <strong>Vice-chefe </strong><br>E-mail: <a href="mailto:frederico.fioravante@ufvjm.edu.br" class="ek-link">cristina.fontes@ufvjm.edu.br</a>; Ramal: 8330</p>



<p>Suellen Alves de Souza <strong>&#8211; Secretária</strong><br>Sala 6 – Prédio 1 da FACET<br>E-mail: <a href="mailto: sec.direcao@ict.ufvjm.edu.br"></a><a href="mailto:sec.facet@uvjm.edu.br" target="_blank" rel="noreferrer noopener" class="ek-link">sec.quimica@uvjm.edu.br</a>; Fone: (38) 3532-1252</p>



<hr class="wp-block-separator has-alpha-channel-opacity"/>



<p>Telefones: 55 xx (38) 3532-1200</p>

<p>O Departamento de Química integra a Faculdade de Ciências Exatas (FACET) da UFVJM. Faculdade de Ciências Exatas (FACET) Prof.ª Roqueline Rodrigues Silva &#8211; DiretoraE-mail: dir.facet@ufvjm.edu.br; Fone: (38) 3532 8320 Prof. Áthila Rocha Trindade &#8211; Vice-Diretor E-mail: dir.facet@ufvjm.edu.br Petrus Albino de Oliveira &#8211; SecretárioSala 6 – Prédio 1 da FACETE-mail: sec.facet@uvjm.edu.br; Fone: (38) 3532-6820 Departamento de Química (DEQUI) Prof. Paulo Henrique Fidêncio &#8211; ChefeE-mail: chefia.quimica@ufvjm.edu.br; Ramal: 8302 Prof.ª Cristina Fontes Diniz &#8211; Vice-chefe E-mail: cristina.fontes@ufvjm.edu.br; Ramal: 8330 Suellen Alves de Souza &#8211; SecretáriaSala 6 – Prédio 1 da FACETE-mail: sec.quimica@uvjm.edu.br; Fone: (38) 3532-1252 Telefones: 55 xx (38) 3532-1200</p>
