{"id":6303,"date":"2024-05-15T17:34:40","date_gmt":"2024-05-15T20:34:40","guid":{"rendered":"https:\/\/quimica.ufvjm.edu.br\/?page_id=6303"},"modified":"2024-05-15T17:37:58","modified_gmt":"2024-05-15T20:37:58","slug":"formularios-de-estagio","status":"publish","type":"page","link":"https:\/\/quimica.ufvjm.edu.br\/?page_id=6303","title":{"rendered":"Formul\u00e1rios de est\u00e1gio"},"content":{"rendered":"\n<ol>\n<li><a href=\"https:\/\/drive.google.com\/file\/d\/1AMMYYC0CxAaRHMkgqVOsWe1ZR8pekrP6\/view?usp=sharing\" target=\"_blank\" rel=\"noreferrer noopener\" class=\"ek-link\"><strong><span class=\"uppercase\"><span style=\"text-decoration: underline;\" class=\"ek-underline\">Termo de compromisso de est\u00e1gio (TCE)<\/span><\/span><\/strong><\/a><\/li>\n\n\n\n<li><a href=\"https:\/\/drive.google.com\/file\/d\/13pnIXKOVi_HtQbsUK6xFApKeyHFnXkqr\/view?usp=sharing\" target=\"_blank\" rel=\"noreferrer noopener\" class=\"ek-link\"><strong><span class=\"uppercase\"><span style=\"text-decoration: underline;\" class=\"ek-underline\">Termo de compromisso de est\u00e1gio (TCE) com a Secretaria Estadual de Educa\u00e7\u00e3o (SEE)<\/span><\/span><\/strong><\/a><\/li>\n\n\n\n<li><strong><span class=\"uppercase\"><a href=\"https:\/\/docs.google.com\/document\/d\/1OjyDY0PIWmI5kd2K1WJuOAFDKaOSs9xd\/edit?usp=sharing&amp;ouid=103420823070655618484&amp;rtpof=true&amp;sd=true\" target=\"_blank\" rel=\"noreferrer noopener\" class=\"ek-link\"><span style=\"text-decoration: underline;\" class=\"ek-underline\">Plano de Atividades de Est\u00e1gio (PAE)<\/span><\/a>\u00a0<\/span><\/strong>&#8211;<em>\u00a0Modelo para edi\u00e7\u00e3o<\/em><\/li>\n\n\n\n<li><a href=\"https:\/\/docs.google.com\/document\/d\/1HSAhfu32zwHHC8CucowxXKNxUNcm4hd5\/edit?usp=sharing&amp;ouid=103420823070655618484&amp;rtpof=true&amp;sd=true\" target=\"_blank\" rel=\"noreferrer noopener\" class=\"ek-link\"><strong><span class=\"uppercase\"><span style=\"text-decoration: underline;\" class=\"ek-underline\">Ficha de frequ\u00eancia de atividades de est\u00e1gio<\/span><\/span><\/strong><\/a><\/li>\n\n\n\n<li><span style=\"text-decoration: underline;\" class=\"ek-underline\"><a href=\"https:\/\/docs.google.com\/document\/d\/1hOrRs5oZX-9wehZynDQhenut8f_nlVe7\/edit?usp=sharing&amp;ouid=103420823070655618484&amp;rtpof=true&amp;sd=true\" target=\"_blank\" rel=\"noreferrer noopener\" class=\"ek-link\"><strong><span class=\"uppercase\">Ficha de Avalia\u00e7\u00e3o do estagi\u00e1rio<\/span><\/strong><\/a>\u00a0<\/span>\u2013\u00a0<em>Realizada pelo Professor (a) Supervisor(a)<\/em><\/li>\n\n\n\n<li><a href=\"https:\/\/docs.google.com\/document\/d\/1VKS6uXww4-O2N4ykoB-Q0ueYQ_Z9JxQC\/edit?usp=sharing&amp;ouid=103420823070655618484&amp;rtpof=true&amp;sd=true\" target=\"_blank\" rel=\"noreferrer noopener\" class=\"ek-link\"><strong><span class=\"uppercase\"><span style=\"text-decoration: underline;\" class=\"ek-underline\">Ficha de auto avalia\u00e7\u00e3o de atividades de est\u00e1gio<\/span><\/span><\/strong><\/a><\/li>\n\n\n\n<li><a href=\"https:\/\/docs.google.com\/document\/d\/1O9s0KgwTqNYl1XMVq2zazbnTrnmc-q9w\/edit?usp=sharing&amp;ouid=103420823070655618484&amp;rtpof=true&amp;sd=true\" target=\"_blank\" rel=\"noreferrer noopener\" class=\"ek-link\"><strong><span style=\"text-decoration: underline;\" class=\"ek-underline\">RELAT\u00d3RIO DE EST\u00c1GIO<\/span><\/strong><\/a>\u00a0\u2013\u00a0<em>Modelo\u00a0para edi\u00e7\u00e3o<\/em><\/li>\n<\/ol>\n","protected":false},"excerpt":{"rendered":"","protected":false},"author":1,"featured_media":0,"parent":0,"menu_order":0,"comment_status":"closed","ping_status":"closed","template":"","meta":{"_editorskit_title_hidden":false,"_editorskit_reading_time":0,"_editorskit_is_block_options_detached":false,"_editorskit_block_options_position":"{}","_exactmetrics_skip_tracking":false,"_exactmetrics_sitenote_active":false,"_exactmetrics_sitenote_note":"","_exactmetrics_sitenote_category":0,"footnotes":""},"_links":{"self":[{"href":"https:\/\/quimica.ufvjm.edu.br\/index.php?rest_route=\/wp\/v2\/pages\/6303"}],"collection":[{"href":"https:\/\/quimica.ufvjm.edu.br\/index.php?rest_route=\/wp\/v2\/pages"}],"about":[{"href":"https:\/\/quimica.ufvjm.edu.br\/index.php?rest_route=\/wp\/v2\/types\/page"}],"author":[{"embeddable":true,"href":"https:\/\/quimica.ufvjm.edu.br\/index.php?rest_route=\/wp\/v2\/users\/1"}],"replies":[{"embeddable":true,"href":"https:\/\/quimica.ufvjm.edu.br\/index.php?rest_route=%2Fwp%2Fv2%2Fcomments&post=6303"}],"version-history":[{"count":2,"href":"https:\/\/quimica.ufvjm.edu.br\/index.php?rest_route=\/wp\/v2\/pages\/6303\/revisions"}],"predecessor-version":[{"id":6307,"href":"https:\/\/quimica.ufvjm.edu.br\/index.php?rest_route=\/wp\/v2\/pages\/6303\/revisions\/6307"}],"wp:attachment":[{"href":"https:\/\/quimica.ufvjm.edu.br\/index.php?rest_route=%2Fwp%2Fv2%2Fmedia&parent=6303"}],"curies":[{"name":"wp","href":"https:\/\/api.w.org\/{rel}","templated":true}]}}