{"id":6282,"date":"2024-05-15T16:55:17","date_gmt":"2024-05-15T19:55:17","guid":{"rendered":"https:\/\/quimica.ufvjm.edu.br\/?page_id=6282"},"modified":"2024-05-15T17:36:18","modified_gmt":"2024-05-15T20:36:18","slug":"estagio-supervisionado-2","status":"publish","type":"page","link":"https:\/\/quimica.ufvjm.edu.br\/?page_id=6282","title":{"rendered":"Est\u00e1gio Supervisionado"},"content":{"rendered":"\n<p class=\"has-text-align-justify\">\u00c9 um componente curricular obrigat\u00f3rio, definido como pr\u00e9-requisito no Projeto Pedag\u00f3gico do Curso para aprova\u00e7\u00e3o e obten\u00e7\u00e3o do diploma. Consiste na participa\u00e7\u00e3o do licenciando em atividades que articulem ensino, pesquisa e extens\u00e3o, tr\u00edade que privilegia a forma\u00e7\u00e3o integral do profissional, consolidando em situa\u00e7\u00f5es concretas do ambiente educacional a articula\u00e7\u00e3o entre a teoria e a pr\u00e1tica.<\/p>\n\n\n\n<p class=\"has-text-align-justify\">O&nbsp;Est\u00e1gio Curricular Supervisionado&nbsp;visa propiciar a viv\u00eancia no exerc\u00edcio da profiss\u00e3o docente e&nbsp;dever\u00e1 ser desenvolvido individualmente, em escolas p\u00fablicas ou privadas que ministrem a Educa\u00e7\u00e3o B\u00e1sica, a partir do quinto per\u00edodo letivo do licenciando.<\/p>\n\n\n\n<br>\n<section id=\"idg_wp_widget_area_5\" class=\"services\">\n\t <div class=\"container\">\n\t      <div class=\"row\">\n                   <div class=\"overflow-wrapper\">\n\n\t\t\t<div id=\"feature_card-3\" class=\"widget_feature_card col-sm-12 col-md-6 col-lg-3 mb-4 widget_feature_card menu-col\">\n\t\t             <div class=\"text-center card-1\">\n                                  <a href=\"https:\/\/drive.google.com\/file\/d\/16SWEaREUrsjExLa3ihp-dedVER03pXge\/view\" target=\"_target\" rel=\"noopener\">\n\t\t\t          <div class=\"align\">\n\t\t\t\t       <figure><img decoding=\"async\" width=\"200px\" src=\"https:\/\/quimica.ufvjm.edu.br\/wp-admin\/images\/icons\/guiadoestagio.png?_t=1715803417\"><figure>\t\t\t\t\t\t\t                        \n                                  <\/div>\n                                  <\/a>\n                             <\/div>\n\t\t       <\/div>\t\n\n                      <div id=\"feature_card-3\" class=\"widget_feature_card col-sm-12 col-md-6 col-lg-3 mb-4 widget_feature_card menu-col\">\n\t\t             <div class=\"text-center card-1\">\n                                  <a href=\"https:\/\/drive.google.com\/file\/d\/1EmSywkE6Jo9HeC73kZqTgC8kk4Hz2Vev\/view?usp=sharing\" target=\"_target\" rel=\"noopener\">\n\t\t\t          <div class=\"align\">\n\t\t\t\t       <figure><img decoding=\"async\" width=\"200px\" src=\"https:\/\/quimica.ufvjm.edu.br\/wp-admin\/images\/icons\/fluxo.png?_t=1715803417\"><figure>\t\t\t\t\t\t\t                        \n                                  <\/div>\n                                  <\/a>\n                             <\/div>\n\t\t       <\/div>\n\n                      <div id=\"feature_card-3\" class=\"widget_feature_card col-sm-12 col-md-6 col-lg-3 mb-4 widget_feature_card menu-col\">\n\t\t             <div class=\"text-center card-1\">\n                                  <a href=\"https:\/\/docs.google.com\/forms\/d\/e\/1FAIpQLScDVvxGZ-BAsWNUeNnSN1NgNUwwAfLh2nZe0fN4jqdWzuKq-w\/viewform\" target=\"_target\" rel=\"noopener\">\n\t\t\t          <div class=\"align\">\n\t\t\t\t       <figure><img decoding=\"async\" width=\"200px\" src=\"https:\/\/quimica.ufvjm.edu.br\/wp-admin\/images\/icons\/formularioeletronico.png?_t=1715803417\"><figure>\t\t\t\t\t\t\t                        \n                                  <\/div>\n                                  <\/a>\n                             <\/div>\n\t\t       <\/div>\n\n                       <div id=\"feature_card-3\" class=\"widget_feature_card col-sm-12 col-md-6 col-lg-3 mb-4 widget_feature_card menu-col\">\n\t\t             <div class=\"text-center card-1\">\n                                  <a href=\"https:\/\/quimica.ufvjm.edu.br\/?page_id=6293\" target=\"_self\" rel=\"noopener\">\n\t\t\t          <div class=\"align\">\n\t\t\t\t       <figure><img decoding=\"async\" width=\"200px\" src=\"https:\/\/quimica.ufvjm.edu.br\/wp-admin\/images\/icons\/legisla%C3%A7%C3%A3o.png?_t=1715803417\"><figure>\t\t\t\t\t\t\t                        \n                                  <\/div>\n                                  <\/a>\n                             <\/div>\n\t\t       <\/div>\n\n\n                       <div id=\"feature_card-3\" class=\"widget_feature_card col-sm-12 col-md-6 col-lg-3 mb-4 widget_feature_card menu-col\">\n\t\t             <div class=\"text-center card-1\">\n                                  <a href=\"https:\/\/drive.google.com\/file\/d\/17Hcm5kJAdwX9B9XC_e9a2AnnC_mGATFw\/view\" target=\"_target\" rel=\"noopener\">\n\t\t\t          <div class=\"align\">\n\t\t\t\t       <figure><img decoding=\"async\" width=\"200px\" src=\"https:\/\/quimica.ufvjm.edu.br\/wp-admin\/images\/icons\/regulamentonormaseatribuicoes.png?_t=1715803417\"><figure>\t\t\t\t\t\t\t                        \n                                  <\/div>\n                                  <\/a>\n                             <\/div>\n\t\t       <\/div>\n\n\n                       <div id=\"feature_card-3\" class=\"widget_feature_card col-sm-12 col-md-6 col-lg-3 mb-4 widget_feature_card menu-col\">\n\t\t             <div class=\"text-center card-1\">\n                                  <a href=\"https:\/\/quimica.ufvjm.edu.br\/?page_id=6303\" target=\"_target\" rel=\"noopener\">\n\t\t\t          <div class=\"align\">\n\t\t\t\t       <figure><img decoding=\"async\" width=\"200px\" src=\"https:\/\/quimica.ufvjm.edu.br\/wp-admin\/images\/icons\/formularioarqparaedicao.png?_t=1715803417\"><figure>\t\t\t\t\t\t\t                        \n                                  <\/div>\n                                  <\/a>\n                             <\/div>\n\t\t       <\/div>\n\n\n\n                    <\/div>\n\t\t<\/div>\n\t<\/div>\n<\/section>\n","protected":false},"excerpt":{"rendered":"<p>\u00c9 um componente curricular obrigat\u00f3rio, definido como pr\u00e9-requisito no Projeto Pedag\u00f3gico do Curso para aprova\u00e7\u00e3o e obten\u00e7\u00e3o do diploma. Consiste na participa\u00e7\u00e3o do licenciando em atividades que articulem ensino, pesquisa e extens\u00e3o, tr\u00edade que privilegia a forma\u00e7\u00e3o integral do profissional, consolidando em situa\u00e7\u00f5es concretas do ambiente educacional a articula\u00e7\u00e3o entre a teoria e a pr\u00e1tica. O&nbsp;Est\u00e1gio Curricular Supervisionado&nbsp;visa propiciar a viv\u00eancia no exerc\u00edcio da profiss\u00e3o docente e&nbsp;dever\u00e1 ser desenvolvido individualmente, em escolas p\u00fablicas ou privadas que ministrem a Educa\u00e7\u00e3o B\u00e1sica, a partir do quinto per\u00edodo letivo do licenciando.<\/p>\n","protected":false},"author":1,"featured_media":0,"parent":0,"menu_order":0,"comment_status":"closed","ping_status":"closed","template":"","meta":{"_editorskit_title_hidden":false,"_editorskit_reading_time":0,"_editorskit_is_block_options_detached":false,"_editorskit_block_options_position":"{}","_exactmetrics_skip_tracking":false,"_exactmetrics_sitenote_active":false,"_exactmetrics_sitenote_note":"","_exactmetrics_sitenote_category":0,"footnotes":""},"_links":{"self":[{"href":"https:\/\/quimica.ufvjm.edu.br\/index.php?rest_route=\/wp\/v2\/pages\/6282"}],"collection":[{"href":"https:\/\/quimica.ufvjm.edu.br\/index.php?rest_route=\/wp\/v2\/pages"}],"about":[{"href":"https:\/\/quimica.ufvjm.edu.br\/index.php?rest_route=\/wp\/v2\/types\/page"}],"author":[{"embeddable":true,"href":"https:\/\/quimica.ufvjm.edu.br\/index.php?rest_route=\/wp\/v2\/users\/1"}],"replies":[{"embeddable":true,"href":"https:\/\/quimica.ufvjm.edu.br\/index.php?rest_route=%2Fwp%2Fv2%2Fcomments&post=6282"}],"version-history":[{"count":9,"href":"https:\/\/quimica.ufvjm.edu.br\/index.php?rest_route=\/wp\/v2\/pages\/6282\/revisions"}],"predecessor-version":[{"id":6305,"href":"https:\/\/quimica.ufvjm.edu.br\/index.php?rest_route=\/wp\/v2\/pages\/6282\/revisions\/6305"}],"wp:attachment":[{"href":"https:\/\/quimica.ufvjm.edu.br\/index.php?rest_route=%2Fwp%2Fv2%2Fmedia&parent=6282"}],"curies":[{"name":"wp","href":"https:\/\/api.w.org\/{rel}","templated":true}]}}

Estágio Supervisionado

<p class="has-text-align-justify">É um componente curricular obrigatório, definido como pré-requisito no Projeto Pedagógico do Curso para aprovação e obtenção do diploma. Consiste na participação do licenciando em atividades que articulem ensino, pesquisa e extensão, tríade que privilegia a formação integral do profissional, consolidando em situações concretas do ambiente educacional a articulação entre a teoria e a prática.</p>



<p class="has-text-align-justify">O&nbsp;Estágio Curricular Supervisionado&nbsp;visa propiciar a vivência no exercício da profissão docente e&nbsp;deverá ser desenvolvido individualmente, em escolas públicas ou privadas que ministrem a Educação Básica, a partir do quinto período letivo do licenciando.</p>



<br>
<section id="idg_wp_widget_area_5" class="services">
	 <div class="container">
	      <div class="row">
                   <div class="overflow-wrapper">

			<div id="feature_card-3" class="widget_feature_card col-sm-12 col-md-6 col-lg-3 mb-4 widget_feature_card menu-col">
		             <div class="text-center card-1">
                                  <a href="https://drive.google.com/file/d/16SWEaREUrsjExLa3ihp-dedVER03pXge/view" target="_target" rel="noopener">
			          <div class="align">
				       <figure><img decoding="async" width="200px" src="https://quimica.ufvjm.edu.br/wp-admin/images/icons/guiadoestagio.png?_t=1715803417"><figure>							                        
                                  </div>
                                  </a>
                             </div>
		       </div>	

                      <div id="feature_card-3" class="widget_feature_card col-sm-12 col-md-6 col-lg-3 mb-4 widget_feature_card menu-col">
		             <div class="text-center card-1">
                                  <a href="https://drive.google.com/file/d/1EmSywkE6Jo9HeC73kZqTgC8kk4Hz2Vev/view?usp=sharing" target="_target" rel="noopener">
			          <div class="align">
				       <figure><img decoding="async" width="200px" src="https://quimica.ufvjm.edu.br/wp-admin/images/icons/fluxo.png?_t=1715803417"><figure>							                        
                                  </div>
                                  </a>
                             </div>
		       </div>

                      <div id="feature_card-3" class="widget_feature_card col-sm-12 col-md-6 col-lg-3 mb-4 widget_feature_card menu-col">
		             <div class="text-center card-1">
                                  <a href="https://docs.google.com/forms/d/e/1FAIpQLScDVvxGZ-BAsWNUeNnSN1NgNUwwAfLh2nZe0fN4jqdWzuKq-w/viewform" target="_target" rel="noopener">
			          <div class="align">
				       <figure><img decoding="async" width="200px" src="https://quimica.ufvjm.edu.br/wp-admin/images/icons/formularioeletronico.png?_t=1715803417"><figure>							                        
                                  </div>
                                  </a>
                             </div>
		       </div>

                       <div id="feature_card-3" class="widget_feature_card col-sm-12 col-md-6 col-lg-3 mb-4 widget_feature_card menu-col">
		             <div class="text-center card-1">
                                  <a href="https://quimica.ufvjm.edu.br/?page_id=6293" target="_self" rel="noopener">
			          <div class="align">
				       <figure><img decoding="async" width="200px" src="https://quimica.ufvjm.edu.br/wp-admin/images/icons/legisla%C3%A7%C3%A3o.png?_t=1715803417"><figure>							                        
                                  </div>
                                  </a>
                             </div>
		       </div>


                       <div id="feature_card-3" class="widget_feature_card col-sm-12 col-md-6 col-lg-3 mb-4 widget_feature_card menu-col">
		             <div class="text-center card-1">
                                  <a href="https://drive.google.com/file/d/17Hcm5kJAdwX9B9XC_e9a2AnnC_mGATFw/view" target="_target" rel="noopener">
			          <div class="align">
				       <figure><img decoding="async" width="200px" src="https://quimica.ufvjm.edu.br/wp-admin/images/icons/regulamentonormaseatribuicoes.png?_t=1715803417"><figure>							                        
                                  </div>
                                  </a>
                             </div>
		       </div>


                       <div id="feature_card-3" class="widget_feature_card col-sm-12 col-md-6 col-lg-3 mb-4 widget_feature_card menu-col">
		             <div class="text-center card-1">
                                  <a href="https://quimica.ufvjm.edu.br/?page_id=6303" target="_target" rel="noopener">
			          <div class="align">
				       <figure><img decoding="async" width="200px" src="https://quimica.ufvjm.edu.br/wp-admin/images/icons/formularioarqparaedicao.png?_t=1715803417"><figure>							                        
                                  </div>
                                  </a>
                             </div>
		       </div>



                    </div>
		</div>
	</div>
</section>

<p>É um componente curricular obrigatório, definido como pré-requisito no Projeto Pedagógico do Curso para aprovação e obtenção do diploma. Consiste na participação do licenciando em atividades que articulem ensino, pesquisa e extensão, tríade que privilegia a formação integral do profissional, consolidando em situações concretas do ambiente educacional a articulação entre a teoria e a prática. O&nbsp;Estágio Curricular Supervisionado&nbsp;visa propiciar a vivência no exercício da profissão docente e&nbsp;deverá ser desenvolvido individualmente, em escolas públicas ou privadas que ministrem a Educação Básica, a partir do quinto período letivo do licenciando.</p>
