{"id":6221,"date":"2024-05-15T15:29:42","date_gmt":"2024-05-15T18:29:42","guid":{"rendered":"https:\/\/quimica.ufvjm.edu.br\/?page_id=6221"},"modified":"2024-05-15T18:57:46","modified_gmt":"2024-05-15T21:57:46","slug":"graduacao","status":"publish","type":"page","link":"https:\/\/quimica.ufvjm.edu.br\/?page_id=6221","title":{"rendered":"Gradua\u00e7\u00e3o"},"content":{"rendered":"\n<h3 class=\"wp-block-heading\">Conceito da profiss\u00e3o<\/h3>\n\n\n\n<p class=\"has-text-align-justify\">O qu\u00edmico estuda a composi\u00e7\u00e3o da mat\u00e9ria e suas propriedades, por essa raz\u00e3o atua como profissional em diversos setores e segmentos da ind\u00fastria, servi\u00e7os p\u00fablicos, consultoria e ensino. O licenciado em Qu\u00edmica apresenta conhecimentos cient\u00edficos e tecnol\u00f3gicos na \u00e1rea de qu\u00edmica que o capacitam a conhecer, a pesquisar, a ensinar e tamb\u00e9m a transformar materiais em produtos.<\/p>\n\n\n\n<h3 class=\"wp-block-heading\">Perfil do profissional<\/h3>\n\n\n\n<p class=\"has-text-align-justify\">O licenciado em Qu\u00edmica \u00e9 habilitado a atuar como professor em escolas de n\u00edvel m\u00e9dio, em cursos t\u00e9cnicos e profissionalizantes da rede p\u00fablica e privada. Al\u00e9m disso, est\u00e1 preparado para a elabora\u00e7\u00e3o\/condu\u00e7\u00e3o de projetos, m\u00e9todos e t\u00e9cnicas relacionadas \u00e0 \u00e1rea. O profissional poder\u00e1 atuar em atividades t\u00e9cnicas e, ou em pesquisas cient\u00edficas em Educa\u00e7\u00e3o, em Qu\u00edmica ou ambas as \u00e1reas, particularmente na inter-rela\u00e7\u00e3o entre estas. De posse do registro no Conselho Regional de Qu\u00edmica (CRQ), o profissional licenciado pode, ainda, ser respons\u00e1vel t\u00e9cnico em ind\u00fastrias e laborat\u00f3rios, conforme descrito na legisla\u00e7\u00e3o pertinente.<\/p>\n\n\n\n<h3 class=\"wp-block-heading\">Mercado de trabalho<\/h3>\n\n\n\n<ul>\n<li>Escolas da Rede P\u00fablica e Particular, modalidade presencial e EaD;<\/li>\n\n\n\n<li>Laborat\u00f3rios de Controle de Qualidade;<\/li>\n\n\n\n<li>Ind\u00fastrias Farmac\u00eauticas, aliment\u00edcias, metal\u00fargicas e qu\u00edmicas, entre outras;<\/li>\n\n\n\n<li>Organiza\u00e7\u00f5es N\u00e3o Governamentais (ONGs);<\/li>\n\n\n\n<li>Consultorias.<\/li>\n<\/ul>\n\n\n\n<br>\n<section id=\"idg_wp_widget_area_5\" class=\"services\">\n\t <div class=\"container\">\n\t      <div class=\"row\">\n                   <div class=\"overflow-wrapper\">\n\n\t\t\t<div id=\"feature_card-3\" class=\"widget_feature_card col-sm-12 col-md-6 col-lg-3 mb-4 widget_feature_card menu-col\">\n\t\t             <div class=\"text-center card-1\">\n                                  <a href=\"https:\/\/quimica.ufvjm.edu.br\/?page_id=6264\" target=\"_self\" rel=\"noopener\">\n\t\t\t          <div class=\"align\">\n\t\t\t\t       <figure><img decoding=\"async\" width=\"200px\" src=\"https:\/\/quimica.ufvjm.edu.br\/wp-admin\/images\/icons\/projetopedagogico.png?_t=1715800589\"><figure>\t\t\t\t\t\t\t                        \n                                  <\/div>\n                                  <\/a>\n                             <\/div>\n\t\t       <\/div>\t\n\n                      <div id=\"feature_card-3\" class=\"widget_feature_card col-sm-12 col-md-6 col-lg-3 mb-4 widget_feature_card menu-col\">\n\t\t             <div class=\"text-center card-1\">\n                                  <a href=\"https:\/\/heyzine.com\/flip-book\/44da233871.html#page\/1\" target=\"_target\" rel=\"noopener\">\n\t\t\t          <div class=\"align\">\n\t\t\t\t       <figure><img decoding=\"async\" width=\"200px\" src=\"https:\/\/quimica.ufvjm.edu.br\/wp-admin\/images\/icons\/manual.png?_t=1715800589\"><figure>\t\t\t\t\t\t\t                        \n                                  <\/div>\n                                  <\/a>\n                             <\/div>\n\t\t       <\/div>\n\n                      <div id=\"feature_card-3\" class=\"widget_feature_card col-sm-12 col-md-6 col-lg-3 mb-4 widget_feature_card menu-col\">\n\t\t             <div class=\"text-center card-1\">\n                                  <a href=\"https:\/\/quimica.ufvjm.edu.br\/?page_id=6095\" target=\"_self\" rel=\"noopener\">\n\t\t\t          <div class=\"align\">\n\t\t\t\t       <figure><img decoding=\"async\" width=\"200px\" src=\"https:\/\/quimica.ufvjm.edu.br\/wp-admin\/images\/icons\/tcc.png?_t=1715800589\"><figure>\t\t\t\t\t\t\t                        \n                                  <\/div>\n                                  <\/a>\n                             <\/div>\n\t\t       <\/div>\n\n                       <div id=\"feature_card-3\" class=\"widget_feature_card col-sm-12 col-md-6 col-lg-3 mb-4 widget_feature_card menu-col\">\n\t\t             <div class=\"text-center card-1\">\n                                  <a href=\"https:\/\/quimica.ufvjm.edu.br\/?page_id=6282\" target=\"_self\" rel=\"noopener\">\n\t\t\t          <div class=\"align\">\n\t\t\t\t       <figure><img decoding=\"async\" width=\"200px\" src=\"https:\/\/quimica.ufvjm.edu.br\/wp-admin\/images\/icons\/estagio.png?_t=1715800589\"><figure>\t\t\t\t\t\t\t                        \n                                  <\/div>\n                                  <\/a>\n                             <\/div>\n\t\t       <\/div>\n\n\n                       <div id=\"feature_card-3\" class=\"widget_feature_card col-sm-12 col-md-6 col-lg-3 mb-4 widget_feature_card menu-col\">\n\t\t             <div class=\"text-center card-1\">\n                                  <a href=\"https:\/\/quimica.ufvjm.edu.br\/?page_id=6308\" target=\"_self\" rel=\"noopener\">\n\t\t\t          <div class=\"align\">\n\t\t\t\t       <figure><img decoding=\"async\" width=\"200px\" src=\"https:\/\/quimica.ufvjm.edu.br\/wp-admin\/images\/icons\/atividadescomplementares.png?_t=1715800589\"><figure>\t\t\t\t\t\t\t                        \n                                  <\/div>\n                                  <\/a>\n                             <\/div>\n\t\t       <\/div>\n\n\n                       <div id=\"feature_card-3\" class=\"widget_feature_card col-sm-12 col-md-6 col-lg-3 mb-4 widget_feature_card menu-col\">\n\t\t             <div class=\"text-center card-1\">\n                                  <a href=\"\" target=\"_target\" rel=\"noopener\">\n\t\t\t          <div class=\"align\">\n\t\t\t\t       <figure><img decoding=\"async\" width=\"200px\" src=\"https:\/\/quimica.ufvjm.edu.br\/wp-admin\/images\/icons\/atividadesdeextensao.png?_t=1715800589\"><figure>\t\t\t\t\t\t\t                        \n                                  <\/div>\n                                  <\/a>\n                             <\/div>\n\t\t       <\/div>\n\n                       <div id=\"feature_card-3\" class=\"widget_feature_card col-sm-12 col-md-6 col-lg-3 mb-4 widget_feature_card menu-col\">\n\t\t             <div class=\"text-center card-1\">\n                                  <a href=\"https:\/\/quimica.ufvjm.edu.br\/?page_id=6319\" target=\"_self\" rel=\"noopener\">\n\t\t\t          <div class=\"align\">\n\t\t\t\t       <figure><img decoding=\"async\" width=\"200px\" src=\"https:\/\/quimica.ufvjm.edu.br\/wp-admin\/images\/icons\/colegiado.png?_t=1715800589\"><figure>\t\t\t\t\t\t\t                        \n                                  <\/div>\n                                  <\/a>\n                             <\/div>\n\t\t       <\/div>\n\n                       <div id=\"feature_card-3\" class=\"widget_feature_card col-sm-12 col-md-6 col-lg-3 mb-4 widget_feature_card menu-col\">\n\t\t             <div class=\"text-center card-1\">\n                                  <a href=\"https:\/\/quimica.ufvjm.edu.br\/?page_id=6330\" target=\"_target\" rel=\"noopener\">\n\t\t\t          <div class=\"align\">\n\t\t\t\t       <figure><img decoding=\"async\" width=\"200px\" src=\"https:\/\/quimica.ufvjm.edu.br\/wp-admin\/images\/icons\/nde.png?_t=1715800589\"><figure>\t\t\t\t\t\t\t                        \n                                  <\/div>\n                                  <\/a>\n                             <\/div>\n\t\t       <\/div>\n\n                       <div id=\"feature_card-3\" class=\"widget_feature_card col-sm-12 col-md-6 col-lg-3 mb-4 widget_feature_card menu-col\">\n\t\t             <div class=\"text-center card-1\">\n                                  <a href=\"\" target=\"_target\" rel=\"noopener\">\n\t\t\t          <div class=\"align\">\n\t\t\t\t       <figure><img decoding=\"async\" width=\"200px\" src=\"https:\/\/quimica.ufvjm.edu.br\/wp-admin\/images\/icons\/solicita%C3%A7%C3%B5esdecontato.png?_t=1715800589\"><figure>\t\t\t\t\t\t\t                        \n                                  <\/div>\n                                  <\/a>\n                             <\/div>\n\t\t       <\/div>\n\n\n                    <\/div>\n\t\t<\/div>\n\t<\/div>\n<\/section>\n","protected":false},"excerpt":{"rendered":"<p>Conceito da profiss\u00e3o O qu\u00edmico estuda a composi\u00e7\u00e3o da mat\u00e9ria e suas propriedades, por essa raz\u00e3o atua como profissional em diversos setores e segmentos da ind\u00fastria, servi\u00e7os p\u00fablicos, consultoria e ensino. O licenciado em Qu\u00edmica apresenta conhecimentos cient\u00edficos e tecnol\u00f3gicos na \u00e1rea de qu\u00edmica que o capacitam a conhecer, a pesquisar, a ensinar e tamb\u00e9m a transformar materiais em produtos. Perfil do profissional O licenciado em Qu\u00edmica \u00e9 habilitado a atuar como professor em escolas de n\u00edvel m\u00e9dio, em cursos t\u00e9cnicos e profissionalizantes da rede p\u00fablica e privada. Al\u00e9m disso, est\u00e1 preparado para a elabora\u00e7\u00e3o\/condu\u00e7\u00e3o de projetos, m\u00e9todos e t\u00e9cnicas relacionadas \u00e0 \u00e1rea. O profissional poder\u00e1 atuar em atividades t\u00e9cnicas e, ou em pesquisas cient\u00edficas em Educa\u00e7\u00e3o, em Qu\u00edmica ou ambas as \u00e1reas, particularmente na inter-rela\u00e7\u00e3o entre estas. De posse do registro no Conselho Regional de Qu\u00edmica (CRQ), o profissional licenciado pode, ainda, ser respons\u00e1vel t\u00e9cnico em ind\u00fastrias e laborat\u00f3rios, conforme descrito na legisla\u00e7\u00e3o pertinente. Mercado de trabalho<\/p>\n","protected":false},"author":1,"featured_media":0,"parent":0,"menu_order":0,"comment_status":"closed","ping_status":"closed","template":"","meta":{"_editorskit_title_hidden":false,"_editorskit_reading_time":0,"_editorskit_is_block_options_detached":false,"_editorskit_block_options_position":"{}","_exactmetrics_skip_tracking":false,"_exactmetrics_sitenote_active":false,"_exactmetrics_sitenote_note":"","_exactmetrics_sitenote_category":0,"footnotes":""},"_links":{"self":[{"href":"https:\/\/quimica.ufvjm.edu.br\/index.php?rest_route=\/wp\/v2\/pages\/6221"}],"collection":[{"href":"https:\/\/quimica.ufvjm.edu.br\/index.php?rest_route=\/wp\/v2\/pages"}],"about":[{"href":"https:\/\/quimica.ufvjm.edu.br\/index.php?rest_route=\/wp\/v2\/types\/page"}],"author":[{"embeddable":true,"href":"https:\/\/quimica.ufvjm.edu.br\/index.php?rest_route=\/wp\/v2\/users\/1"}],"replies":[{"embeddable":true,"href":"https:\/\/quimica.ufvjm.edu.br\/index.php?rest_route=%2Fwp%2Fv2%2Fcomments&post=6221"}],"version-history":[{"count":16,"href":"https:\/\/quimica.ufvjm.edu.br\/index.php?rest_route=\/wp\/v2\/pages\/6221\/revisions"}],"predecessor-version":[{"id":7483,"href":"https:\/\/quimica.ufvjm.edu.br\/index.php?rest_route=\/wp\/v2\/pages\/6221\/revisions\/7483"}],"wp:attachment":[{"href":"https:\/\/quimica.ufvjm.edu.br\/index.php?rest_route=%2Fwp%2Fv2%2Fmedia&parent=6221"}],"curies":[{"name":"wp","href":"https:\/\/api.w.org\/{rel}","templated":true}]}}