{"id":6147,"date":"2024-05-14T17:22:51","date_gmt":"2024-05-14T20:22:51","guid":{"rendered":"https:\/\/quimica.ufvjm.edu.br\/?page_id=6147"},"modified":"2024-05-14T17:25:01","modified_gmt":"2024-05-14T20:25:01","slug":"formularios-tcc","status":"publish","type":"page","link":"https:\/\/quimica.ufvjm.edu.br\/?page_id=6147","title":{"rendered":"Formul\u00e1rios TCC"},"content":{"rendered":"\n<ul>\n<li><a href=\"https:\/\/docs.google.com\/document\/d\/109ARPiJwy1h6Uek58sCU-XwmBPa76CKPGnNQiHUSLN4\/edit?usp=sharing\" target=\"_blank\" rel=\"noreferrer noopener\" class=\"ek-link\"><span style=\"text-decoration: underline;\" class=\"ek-underline\">TERMO DE COMPROMISSO DE ORIENTA\u00c7\u00c3O DE TCC<\/span><\/a><\/li>\n\n\n\n<li><a href=\"https:\/\/docs.google.com\/document\/d\/1V1g0-yeuXpE5dk8PnykweLLau76DIc_P7So7x8YZngg\/edit?usp=sharing\" target=\"_blank\" rel=\"noreferrer noopener\">CARTA CONVITE: MEMBROS DA COMISS\u00c3O ORGANIZADORA<\/a><\/li>\n\n\n\n<li><a href=\"https:\/\/docs.google.com\/document\/d\/1eRR9PPGwUPp0Jms_q0qnNICRtw48spyn9oAMEqkdIcc\/edit?usp=sharing\" target=\"_blank\" rel=\"noreferrer noopener\">COMUNICADO: BANCA EXAMINADORA, DATA E HOR\u00c1RIO DA DEFESA<\/a><\/li>\n\n\n\n<li><a href=\"https:\/\/docs.google.com\/document\/d\/1P_ErtuCw1BPtO0A9Fhq_55JznUXPimsetTvFVRb1YnA\/edit?usp=sharing\" target=\"_blank\" rel=\"noreferrer noopener\">FICHA DE AVALIA\u00c7\u00c3O INDIVIDUAL DO TRABALHO DE CONCLUS\u00c3O DE<\/a>\u00a0<a href=\"https:\/\/docs.google.com\/document\/d\/1P_ErtuCw1BPtO0A9Fhq_55JznUXPimsetTvFVRb1YnA\/edit?usp=sharing\" target=\"_blank\" rel=\"noreferrer noopener\">CURSO<\/a><\/li>\n\n\n\n<li><a href=\"https:\/\/docs.google.com\/document\/d\/1aYWoFRcW8fqaE7WIX3-rPS2b0giAO2JdoklLUA7GKi4\/edit?usp=sharing\" target=\"_blank\" rel=\"noreferrer noopener\">FICHA DE AVALIA\u00c7\u00c3O DO TRABALHO DE CONCLUS\u00c3O DE CURSO<\/a><\/li>\n\n\n\n<li><a href=\"https:\/\/docs.google.com\/document\/d\/13VjDpM7YlQrC1YckqxYfGMJp73MBjOc9xZRaGLQ1i9Q\/edit?usp=sharing\" target=\"_blank\" rel=\"noreferrer noopener\">ATA DE AVALIA\u00c7\u00c3O DO TRABALHO DE CONCLUS\u00c3O DE CURSO<\/a><\/li>\n\n\n\n<li><a href=\"https:\/\/docs.google.com\/document\/d\/11F1MmbsZR1DhrjSIYB2E8KggQS3HYCHNqL6EOmMUgXc\/edit?usp=sharing\" target=\"_blank\" rel=\"noreferrer noopener\">OF\u00cdCIO DE ENCAMINHAMENTO DO RESULTADO FINAL<\/a><\/li>\n<\/ul>\n","protected":false},"excerpt":{"rendered":"","protected":false},"author":1,"featured_media":0,"parent":0,"menu_order":0,"comment_status":"closed","ping_status":"closed","template":"","meta":{"_editorskit_title_hidden":false,"_editorskit_reading_time":0,"_editorskit_is_block_options_detached":false,"_editorskit_block_options_position":"{}","_exactmetrics_skip_tracking":false,"_exactmetrics_sitenote_active":false,"_exactmetrics_sitenote_note":"","_exactmetrics_sitenote_category":0,"footnotes":""},"_links":{"self":[{"href":"https:\/\/quimica.ufvjm.edu.br\/index.php?rest_route=\/wp\/v2\/pages\/6147"}],"collection":[{"href":"https:\/\/quimica.ufvjm.edu.br\/index.php?rest_route=\/wp\/v2\/pages"}],"about":[{"href":"https:\/\/quimica.ufvjm.edu.br\/index.php?rest_route=\/wp\/v2\/types\/page"}],"author":[{"embeddable":true,"href":"https:\/\/quimica.ufvjm.edu.br\/index.php?rest_route=\/wp\/v2\/users\/1"}],"replies":[{"embeddable":true,"href":"https:\/\/quimica.ufvjm.edu.br\/index.php?rest_route=%2Fwp%2Fv2%2Fcomments&post=6147"}],"version-history":[{"count":2,"href":"https:\/\/quimica.ufvjm.edu.br\/index.php?rest_route=\/wp\/v2\/pages\/6147\/revisions"}],"predecessor-version":[{"id":6152,"href":"https:\/\/quimica.ufvjm.edu.br\/index.php?rest_route=\/wp\/v2\/pages\/6147\/revisions\/6152"}],"wp:attachment":[{"href":"https:\/\/quimica.ufvjm.edu.br\/index.php?rest_route=%2Fwp%2Fv2%2Fmedia&parent=6147"}],"curies":[{"name":"wp","href":"https:\/\/api.w.org\/{rel}","templated":true}]}}