{"id":320,"date":"2019-07-31T18:02:20","date_gmt":"2019-07-31T20:02:20","guid":{"rendered":"http:\/\/www4.ict.ufvjm.edu.br\/?page_id=320"},"modified":"2026-01-18T21:17:48","modified_gmt":"2026-01-19T00:17:48","slug":"historico","status":"publish","type":"page","link":"https:\/\/quimica.ufvjm.edu.br\/?page_id=320","title":{"rendered":"Coordena\u00e7\u00f5es"},"content":{"rendered":"\n<h3 class=\"wp-block-heading\">Curso de Gradua\u00e7\u00e3o em Qu\u00edmica \u2013 Licenciatura<\/h3>\n\n\n\n<p>Prof.&nbsp;Jo\u00e3o Paulo de Mesquita &#8211; <strong>Coordenador<\/strong><br>E-mail:&nbsp;<a href=\"mailto:frederico.fioravante@ufvjm.edu.br\" class=\"ek-link\">coordquimica@ufvjm.edu.br<\/a>; Ramal: 8303<\/p>\n\n\n\n<p>Prof\u00aa.\u00a0Patr\u00edcia Machado de Oliveira &#8211; <strong>Vice-coordenadora<\/strong><br>E-mail:\u00a0<a href=\"mailto:frederico.fioravante@ufvjm.edu.br\" class=\"ek-link\">coordquimica@ufvjm.edu.br<\/a>; Ramal: 8299<\/p>\n\n\n\n<h3 class=\"wp-block-heading\">Curso de Gradua\u00e7\u00e3o em Qu\u00edmica Tecnol\u00f3gica \u2013 Bacharelado<\/h3>\n\n\n\n<p>Prof. Rodrigo Moreira Vely &#8211; <strong>Coordenador<\/strong><br>E-mail:\u00a0<a href=\"mailto:frederico.fioravante@ufvjm.edu.br\" class=\"ek-link\">coordquimica@ufvjm.edu.br<\/a>; Ramal: 8298<\/p>\n\n\n\n<p>Prof\u00aa.\u00a0Karla Aparecida Guimar\u00e3es Gusm\u00e3o Gomes &#8211; <strong>Vice-coordenadora<\/strong><br>E-mail:\u00a0<a href=\"mailto:frederico.fioravante@ufvjm.edu.br\" class=\"ek-link\">coordquimica@ufvjm.edu.br<\/a>; Ramal: 8336<\/p>\n\n\n\n<p>Suellen Alves de Souza <strong>&#8211; Secret\u00e1ria<\/strong><br>Sala 6 \u2013 Pr\u00e9dio 1 da FACET<br>E-mail:\u00a0<a href=\"mailto: sec.direcao@ict.ufvjm.edu.br\"><\/a><a href=\"mailto:sec.facet@uvjm.edu.br\" target=\"_blank\" rel=\"noreferrer noopener\" class=\"ek-link\">sec.quimica@uvjm.edu.br<\/a>; Fone: (38) 3532-1252<\/p>\n\n\n\n<hr class=\"wp-block-separator has-alpha-channel-opacity\"\/>\n\n\n\n<h3 class=\"wp-block-heading\">Curso de P\u00f3s-gradua\u00e7\u00e3o em Qu\u00edmica<\/h3>\n\n\n\n<p>Prof. Andr\u00e9 Santiago Afonso &#8211; <strong>Coordenador<\/strong><br>Prof. Manoel Jos\u00e9 Mendes Pires &#8211; <strong>Vice-coordenador<\/strong><br>E-mail:&nbsp;<a href=\"mailto:ppgq@ufvjm.edu.br\">ppgq@ufvjm.edu.br<\/a><\/p>\n\n\n\n<hr class=\"wp-block-separator has-alpha-channel-opacity\"\/>\n\n\n\n<h3 class=\"wp-block-heading\">Coordena\u00e7\u00f5es de Est\u00e1gio &#8211; Qu\u00edmica Licenciatura<\/h3>\n\n\n\n<p>Patr\u00edcia Machado de Oliveira <strong>&#8211; Coordenadora<\/strong><br>Sala 25 \u2013 Pr\u00e9dio 2 da FACET<br>E-mail:&nbsp;<a href=\"mailto:sec.facet@uvjm.edu.br\" target=\"_blank\" rel=\"noreferrer noopener\" class=\"ek-link\">estagio.quimica@uvjm.edu.br<\/a>; Ramal: 8299<\/p>\n","protected":false},"excerpt":{"rendered":"<p>Curso de Gradua\u00e7\u00e3o em Qu\u00edmica \u2013 Licenciatura Prof.&nbsp;Jo\u00e3o Paulo de Mesquita &#8211; CoordenadorE-mail:&nbsp;coordquimica@ufvjm.edu.br; Ramal: 8303 Prof\u00aa.\u00a0Patr\u00edcia Machado de Oliveira &#8211; Vice-coordenadoraE-mail:\u00a0coordquimica@ufvjm.edu.br; Ramal: 8299 Curso de Gradua\u00e7\u00e3o em Qu\u00edmica Tecnol\u00f3gica \u2013 Bacharelado Prof. Rodrigo Moreira Vely &#8211; CoordenadorE-mail:\u00a0coordquimica@ufvjm.edu.br; Ramal: 8298 Prof\u00aa.\u00a0Karla Aparecida Guimar\u00e3es Gusm\u00e3o Gomes &#8211; Vice-coordenadoraE-mail:\u00a0coordquimica@ufvjm.edu.br; Ramal: 8336 Suellen Alves de Souza &#8211; Secret\u00e1riaSala 6 \u2013 Pr\u00e9dio 1 da FACETE-mail:\u00a0sec.quimica@uvjm.edu.br; Fone: (38) 3532-1252 Curso de P\u00f3s-gradua\u00e7\u00e3o em Qu\u00edmica Prof. Andr\u00e9 Santiago Afonso &#8211; CoordenadorProf. Manoel Jos\u00e9 Mendes Pires &#8211; Vice-coordenadorE-mail:&nbsp;ppgq@ufvjm.edu.br Coordena\u00e7\u00f5es de Est\u00e1gio &#8211; Qu\u00edmica Licenciatura Patr\u00edcia Machado de Oliveira &#8211; CoordenadoraSala 25 \u2013 Pr\u00e9dio 2 da FACETE-mail:&nbsp;estagio.quimica@uvjm.edu.br; Ramal: 8299<\/p>\n","protected":false},"author":1,"featured_media":0,"parent":318,"menu_order":0,"comment_status":"closed","ping_status":"closed","template":"","meta":{"_editorskit_title_hidden":false,"_editorskit_reading_time":2,"_editorskit_is_block_options_detached":false,"_editorskit_block_options_position":"{}","_exactmetrics_skip_tracking":false,"_exactmetrics_sitenote_active":false,"_exactmetrics_sitenote_note":"","_exactmetrics_sitenote_category":0,"footnotes":""},"_links":{"self":[{"href":"https:\/\/quimica.ufvjm.edu.br\/index.php?rest_route=\/wp\/v2\/pages\/320"}],"collection":[{"href":"https:\/\/quimica.ufvjm.edu.br\/index.php?rest_route=\/wp\/v2\/pages"}],"about":[{"href":"https:\/\/quimica.ufvjm.edu.br\/index.php?rest_route=\/wp\/v2\/types\/page"}],"author":[{"embeddable":true,"href":"https:\/\/quimica.ufvjm.edu.br\/index.php?rest_route=\/wp\/v2\/users\/1"}],"replies":[{"embeddable":true,"href":"https:\/\/quimica.ufvjm.edu.br\/index.php?rest_route=%2Fwp%2Fv2%2Fcomments&post=320"}],"version-history":[{"count":53,"href":"https:\/\/quimica.ufvjm.edu.br\/index.php?rest_route=\/wp\/v2\/pages\/320\/revisions"}],"predecessor-version":[{"id":7024,"href":"https:\/\/quimica.ufvjm.edu.br\/index.php?rest_route=\/wp\/v2\/pages\/320\/revisions\/7024"}],"up":[{"embeddable":true,"href":"https:\/\/quimica.ufvjm.edu.br\/index.php?rest_route=\/wp\/v2\/pages\/318"}],"wp:attachment":[{"href":"https:\/\/quimica.ufvjm.edu.br\/index.php?rest_route=%2Fwp%2Fv2%2Fmedia&parent=320"}],"curies":[{"name":"wp","href":"https:\/\/api.w.org\/{rel}","templated":true}]}}

Coordenações

<h3 class="wp-block-heading">Curso de Graduação em Química – Licenciatura</h3>



<p>Prof.&nbsp;João Paulo de Mesquita &#8211; <strong>Coordenador</strong><br>E-mail:&nbsp;<a href="mailto:frederico.fioravante@ufvjm.edu.br" class="ek-link">coordquimica@ufvjm.edu.br</a>; Ramal: 8303</p>



<p>Profª. Patrícia Machado de Oliveira &#8211; <strong>Vice-coordenadora</strong><br>E-mail: <a href="mailto:frederico.fioravante@ufvjm.edu.br" class="ek-link">coordquimica@ufvjm.edu.br</a>; Ramal: 8299</p>



<h3 class="wp-block-heading">Curso de Graduação em Química Tecnológica – Bacharelado</h3>



<p>Prof. Rodrigo Moreira Vely &#8211; <strong>Coordenador</strong><br>E-mail: <a href="mailto:frederico.fioravante@ufvjm.edu.br" class="ek-link">coordquimica@ufvjm.edu.br</a>; Ramal: 8298</p>



<p>Profª. Karla Aparecida Guimarães Gusmão Gomes &#8211; <strong>Vice-coordenadora</strong><br>E-mail: <a href="mailto:frederico.fioravante@ufvjm.edu.br" class="ek-link">coordquimica@ufvjm.edu.br</a>; Ramal: 8336</p>



<p>Suellen Alves de Souza <strong>&#8211; Secretária</strong><br>Sala 6 – Prédio 1 da FACET<br>E-mail: <a href="mailto: sec.direcao@ict.ufvjm.edu.br"></a><a href="mailto:sec.facet@uvjm.edu.br" target="_blank" rel="noreferrer noopener" class="ek-link">sec.quimica@uvjm.edu.br</a>; Fone: (38) 3532-1252</p>



<hr class="wp-block-separator has-alpha-channel-opacity"/>



<h3 class="wp-block-heading">Curso de Pós-graduação em Química</h3>



<p>Prof. André Santiago Afonso &#8211; <strong>Coordenador</strong><br>Prof. Manoel José Mendes Pires &#8211; <strong>Vice-coordenador</strong><br>E-mail:&nbsp;<a href="mailto:ppgq@ufvjm.edu.br">ppgq@ufvjm.edu.br</a></p>



<hr class="wp-block-separator has-alpha-channel-opacity"/>



<h3 class="wp-block-heading">Coordenações de Estágio &#8211; Química Licenciatura</h3>



<p>Patrícia Machado de Oliveira <strong>&#8211; Coordenadora</strong><br>Sala 25 – Prédio 2 da FACET<br>E-mail:&nbsp;<a href="mailto:sec.facet@uvjm.edu.br" target="_blank" rel="noreferrer noopener" class="ek-link">estagio.quimica@uvjm.edu.br</a>; Ramal: 8299</p>

<p>Curso de Graduação em Química – Licenciatura Prof.&nbsp;João Paulo de Mesquita &#8211; CoordenadorE-mail:&nbsp;coordquimica@ufvjm.edu.br; Ramal: 8303 Profª. Patrícia Machado de Oliveira &#8211; Vice-coordenadoraE-mail: coordquimica@ufvjm.edu.br; Ramal: 8299 Curso de Graduação em Química Tecnológica – Bacharelado Prof. Rodrigo Moreira Vely &#8211; CoordenadorE-mail: coordquimica@ufvjm.edu.br; Ramal: 8298 Profª. Karla Aparecida Guimarães Gusmão Gomes &#8211; Vice-coordenadoraE-mail: coordquimica@ufvjm.edu.br; Ramal: 8336 Suellen Alves de Souza &#8211; SecretáriaSala 6 – Prédio 1 da FACETE-mail: sec.quimica@uvjm.edu.br; Fone: (38) 3532-1252 Curso de Pós-graduação em Química Prof. André Santiago Afonso &#8211; CoordenadorProf. Manoel José Mendes Pires &#8211; Vice-coordenadorE-mail:&nbsp;ppgq@ufvjm.edu.br Coordenações de Estágio &#8211; Química Licenciatura Patrícia Machado de Oliveira &#8211; CoordenadoraSala 25 – Prédio 2 da FACETE-mail:&nbsp;estagio.quimica@uvjm.edu.br; Ramal: 8299</p>
