{"id":130,"date":"2019-07-31T10:33:06","date_gmt":"2019-07-31T12:33:06","guid":{"rendered":"http:\/\/www4.ict.ufvjm.edu.br\/?page_id=130"},"modified":"2024-06-03T16:42:45","modified_gmt":"2024-06-03T19:42:45","slug":"acesso-a-informacao","status":"publish","type":"page","link":"https:\/\/quimica.ufvjm.edu.br\/?page_id=130","title":{"rendered":"Acesso r\u00e1pido"},"content":{"rendered":"\n<p class=\"has-text-align-center\"><strong>Acesso aos links mais utilizados do DEQUI<\/strong><\/p>\n\n\n\n<p><\/p>\n\n\n\n<div class=\"overflow-wrapper\">\n\n<div id=\"feature_card-1\" class=\"col-sm-12 col-md-6 col-lg-3 mb-4 widget_feature_card\">\n  <div class=\"text-center card-1\">\n    <div class=\"align\">\n      <a href=\"https:\/\/quimica.ufvjm.edu.br\/?page_id=6221\" style=\"text-decoration: none;\">\n        <figure><img decoding=\"async\" width=\"100px\" src=\"https:\/\/quimica.ufvjm.edu.br\/wp-admin\/images\/icons\/icons%20fav\/magistrate.png?_t=1717440209\"><\/figure>\n        <h3 class=\"card-title\">Gradua\u00e7\u00e3o<\/h3>\n        <p>Curso de Qu\u00edmica<\/p>\n      <\/a>\n    <\/div>\n  <\/div>\n<\/div>\n\n<div id=\"feature_card-2\" class=\"col-sm-12 col-md-6 col-lg-3 mb-4 widget_feature_card\">\n  <div class=\"text-center card-1\">\n    <div class=\"align\">\n      <a href=\"https:\/\/quimica.ufvjm.edu.br\/?page_id=6389\" style=\"text-decoration: none;\">\n        <figure><img decoding=\"async\" width=\"100px\" src=\"https:\/\/quimica.ufvjm.edu.br\/wp-admin\/images\/icons\/icons%20fav\/schedule.png?_t=1717439535\"><\/figure>\n        <h3 class=\"card-title\">Estrutura<\/h3>\n        <p>Estrutura curricular<\/p>\n      <\/a>\n    <\/div>\n  <\/div>\n<\/div>\n\n<div id=\"feature_card-3\" class=\"col-sm-12 col-md-6 col-lg-3 mb-4 widget_feature_card\">\n  <div class=\"text-center card-1\">\n    <div class=\"align\">\n      <a href=\"https:\/\/quimica.ufvjm.edu.br\/?page_id=6282\" style=\"text-decoration: none;\" rel=\"noopener\">\n        <figure><img decoding=\"async\" width=\"100px\" src=\"https:\/\/quimica.ufvjm.edu.br\/wp-admin\/images\/icons\/icons%20fav\/presentation.png?_t=1717440115\"><\/figure>\n        <h3 class=\"card-title\">Est\u00e1gio<\/h3>\n        <p>Est\u00e1gio Supervisionado<\/p>\n      <\/a>\n    <\/div>\n  <\/div>\n<\/div>\n\n<div id=\"feature_card-3\" class=\"col-sm-12 col-md-6 col-lg-3 mb-4 widget_feature_card\">\n  <div class=\"text-center card-1\">\n    <div class=\"align\">\n      <a href=\"https:\/\/quimica.ufvjm.edu.br\/?page_id=6095\" style=\"text-decoration: none;\" rel=\"noopener\">\n        <figure><img decoding=\"async\" width=\"100px\" src=\"https:\/\/quimica.ufvjm.edu.br\/wp-admin\/images\/icons\/icons%20fav\/bachelor.png?_t=1717440454\"><\/figure>\n        <h3 class=\"card-title\">TCC<\/h3>\n        <p>Trabalho de Conclus\u00e3o de Curso<\/p>\n      <\/a>\n    <\/div>\n  <\/div>\n<\/div>\n\n<div id=\"feature_card-4\" class=\"col-sm-12 col-md-6 col-lg-3 mb-4 widget_feature_card\">\n  <div class=\"text-center card-1\">\n    <div class=\"align\">\n      <a href=\"https:\/\/quimica.ufvjm.edu.br\/?page_id=6308\" style=\"text-decoration: none;\" rel=\"noopener noreferrer\">\n        <figure><img decoding=\"async\" width=\"100px\" src=\"https:\/\/quimica.ufvjm.edu.br\/wp-admin\/images\/icons\/icons%20fav\/checklist.png?_t=1717440748\"><\/figure>\n        <h3 class=\"card-title\">Atividades<\/h3>\n        <p>Atividades complementares<\/p>\n      <\/a>\n    <\/div>\n  <\/div>\n<\/div>\n\n<div id=\"feature_card-5\" class=\"col-sm-12 col-md-6 col-lg-3 mb-4 widget_feature_card\">\n  <div class=\"text-center card-1\">\n    <div class=\"align\">\n      <a href=\"\" style=\"text-decoration: none;\" rel=\"noopener noreferrer\">\n        <figure><img decoding=\"async\" width=\"100px\" src=\"https:\/\/quimica.ufvjm.edu.br\/wp-admin\/images\/icons\/icons%20fav\/problem-solving.png?_t=1717440748\"><\/figure>\n        <h3 class=\"card-title\">Atividades<\/h3>\n        <p>Atividades de extens\u00e3o<\/p>\n      <\/a>\n    <\/div>\n  <\/div>\n<\/div>\n\n<div id=\"feature_card-5\" class=\"col-sm-12 col-md-6 col-lg-3 mb-4 widget_feature_card\">\n  <div class=\"text-center card-1\">\n    <div class=\"align\">\n      <a href=\"\" style=\"text-decoration: none;\" rel=\"noopener noreferrer\">\n        <figure><img decoding=\"async\" width=\"100px\" src=\"https:\/\/quimica.ufvjm.edu.br\/wp-admin\/images\/icons\/icons%20fav\/regulation.png?_t=1717441173\"><\/figure>\n        <h3 class=\"card-title\">Regulamento<\/h3>\n        <p>Cursos de Gradua\u00e7\u00e3o<\/p>\n      <\/a>\n    <\/div>\n  <\/div>\n<\/div>\n\n\n\n<div id=\"feature_card-5\" class=\"col-sm-12 col-md-6 col-lg-3 mb-4 widget_feature_card\">\n  <div class=\"text-center card-1\">\n    <div class=\"align\">\n      <a href=\"https:\/\/quimica.ufvjm.edu.br\/?page_id=6559\" target=\"_self\" style=\"text-decoration: none;\" rel=\"noopener noreferrer\">\n        <figure><img decoding=\"async\" width=\"100px\" src=\"https:\/\/quimica.ufvjm.edu.br\/wp-admin\/images\/icons\/icons%20fav\/location-pin.png?_t=1717441140\"><\/figure>\n        <h3 class=\"card-title\">Egressos<\/h3>\n        <p>Acompanhamento<\/p>\n      <\/a>\n    <\/div>\n  <\/div>\n<\/div>\n\n<!-- 2 parte do acesso r\u00e1pido get in here-->\n\n\n<\/div>\n\n\n\n<p><\/p>\n","protected":false},"excerpt":{"rendered":"<p>Acesso aos links mais utilizados do DEQUI Gradua\u00e7\u00e3o Curso de Qu\u00edmica Estrutura Estrutura curricular Est\u00e1gio Est\u00e1gio Supervisionado TCC Trabalho de Conclus\u00e3o de Curso Atividades Atividades complementares Atividades Atividades de extens\u00e3o Regulamento Cursos de Gradua\u00e7\u00e3o Egressos Acompanhamento<\/p>\n","protected":false},"author":1,"featured_media":0,"parent":0,"menu_order":0,"comment_status":"closed","ping_status":"closed","template":"page-info.php","meta":{"_editorskit_title_hidden":false,"_editorskit_reading_time":1,"_editorskit_is_block_options_detached":false,"_editorskit_block_options_position":"{}","_exactmetrics_skip_tracking":false,"_exactmetrics_sitenote_active":false,"_exactmetrics_sitenote_note":"","_exactmetrics_sitenote_category":0,"footnotes":""},"_links":{"self":[{"href":"https:\/\/quimica.ufvjm.edu.br\/index.php?rest_route=\/wp\/v2\/pages\/130"}],"collection":[{"href":"https:\/\/quimica.ufvjm.edu.br\/index.php?rest_route=\/wp\/v2\/pages"}],"about":[{"href":"https:\/\/quimica.ufvjm.edu.br\/index.php?rest_route=\/wp\/v2\/types\/page"}],"author":[{"embeddable":true,"href":"https:\/\/quimica.ufvjm.edu.br\/index.php?rest_route=\/wp\/v2\/users\/1"}],"replies":[{"embeddable":true,"href":"https:\/\/quimica.ufvjm.edu.br\/index.php?rest_route=%2Fwp%2Fv2%2Fcomments&post=130"}],"version-history":[{"count":230,"href":"https:\/\/quimica.ufvjm.edu.br\/index.php?rest_route=\/wp\/v2\/pages\/130\/revisions"}],"predecessor-version":[{"id":6570,"href":"https:\/\/quimica.ufvjm.edu.br\/index.php?rest_route=\/wp\/v2\/pages\/130\/revisions\/6570"}],"wp:attachment":[{"href":"https:\/\/quimica.ufvjm.edu.br\/index.php?rest_route=%2Fwp%2Fv2%2Fmedia&parent=130"}],"curies":[{"name":"wp","href":"https:\/\/api.w.org\/{rel}","templated":true}]}}